{"id":4050295,"date":"2026-04-30T02:31:07","date_gmt":"2026-04-30T00:31:07","guid":{"rendered":"https:\/\/streetmarkets.fr\/app\/produit\/short-classique-shaun-261-m-thym\/"},"modified":"2026-05-07T02:33:45","modified_gmt":"2026-05-07T00:33:45","slug":"short-classique-shaun-261-m-thym","status":"publish","type":"product","link":"https:\/\/streetmarkets.fr\/app\/produit\/short-classique-shaun-261-m-thym\/","title":{"rendered":"Short classique Shaun (261 \/ M \/ THYM)"},"content":{"rendered":"<p>Short classique en velours c\u00f4tel\u00e9 de coton vert tendre, avec une taille \u00e9lastiqu\u00e9e et des poches sur les coutures lat\u00e9rales.<\/p>\n<ul>\n<li>Coupe classique<\/li>\n<li>Taille \u00e9lastiqu\u00e9e<\/li>\n<li>Fermeture \u00e0 glissi\u00e8re<\/li>\n<li>Poches sur les coutures lat\u00e9rales<\/li>\n<li>Poches arri\u00e8re passepoil\u00e9es<\/li>\n<li>Velours c\u00f4tel\u00e9 en coton<\/li>\n<\/ul>\n","protected":false},"excerpt":{"rendered":"<p>Short classique en velours c\u00f4tel\u00e9 de coton vert tendre, avec une taille \u00e9lastiqu\u00e9e et des poches sur les coutures lat\u00e9rales. Coupe classique Taille \u00e9lastiqu\u00e9e Fermeture \u00e0 glissi\u00e8re Poches sur les coutures lat\u00e9rales Poches arri\u00e8re passepoil\u00e9es Velours c\u00f4tel\u00e9 en coton<\/p>\n","protected":false},"featured_media":4094217,"comment_status":"open","ping_status":"closed","template":"","meta":[],"product_brand":[2529],"product_cat":[],"product_tag":[],"acf":[],"_links":{"self":[{"href":"https:\/\/streetmarkets.fr\/app\/wp-json\/wp\/v2\/product\/4050295"}],"collection":[{"href":"https:\/\/streetmarkets.fr\/app\/wp-json\/wp\/v2\/product"}],"about":[{"href":"https:\/\/streetmarkets.fr\/app\/wp-json\/wp\/v2\/types\/product"}],"replies":[{"embeddable":true,"href":"https:\/\/streetmarkets.fr\/app\/wp-json\/wp\/v2\/comments?post=4050295"}],"wp:featuredmedia":[{"embeddable":true,"href":"https:\/\/streetmarkets.fr\/app\/wp-json\/wp\/v2\/media\/4094217"}],"wp:attachment":[{"href":"https:\/\/streetmarkets.fr\/app\/wp-json\/wp\/v2\/media?parent=4050295"}],"wp:term":[{"taxonomy":"product_brand","embeddable":true,"href":"https:\/\/streetmarkets.fr\/app\/wp-json\/wp\/v2\/product_brand?post=4050295"},{"taxonomy":"product_cat","embeddable":true,"href":"https:\/\/streetmarkets.fr\/app\/wp-json\/wp\/v2\/product_cat?post=4050295"},{"taxonomy":"product_tag","embeddable":true,"href":"https:\/\/streetmarkets.fr\/app\/wp-json\/wp\/v2\/product_tag?post=4050295"}],"curies":[{"name":"wp","href":"https:\/\/api.w.org\/{rel}","templated":true}]}}