{"id":4050036,"date":"2026-04-30T02:30:32","date_gmt":"2026-04-30T00:30:32","guid":{"rendered":"https:\/\/streetmarkets.fr\/app\/produit\/t-shirt-a-manches-courtes-fursty-261-m-beluga\/"},"modified":"2026-05-13T02:32:54","modified_gmt":"2026-05-13T00:32:54","slug":"t-shirt-a-manches-courtes-fursty-261-m-beluga","status":"publish","type":"product","link":"https:\/\/streetmarkets.fr\/app\/produit\/t-shirt-a-manches-courtes-fursty-261-m-beluga\/","title":{"rendered":"T-shirt \u00e0 manches courtes Fursty (261 \/ M \/ BELUGA)"},"content":{"rendered":"<p>T-shirt oversize \u00e0 col rond et manches courtes, avec bords en biais, confectionn\u00e9 en jersey de coton \u00e9pais de couleur gris d\u00e9lav\u00e9 avec un subtil effet d\u00e9lav\u00e9 d\u00e9grad\u00e9.<\/p>\n<ul>\n<li>Coupe oversize : choisissez votre taille habituelle pour le look souhait\u00e9 ou une taille en dessous pour une coupe plus ajust\u00e9e.<\/li>\n<li>Col rond c\u00f4tel\u00e9<\/li>\n<li>Manches courtes<\/li>\n<li>Bords en biais sur l&#8217;ourlet et les manches<\/li>\n<li>Jersey de coton \u00e9pais, 365 g\/m\u00b2<\/li>\n<li>Effet d\u00e9lav\u00e9 d\u00e9grad\u00e9 passant du gris anthracite \u00e0 une teinte pierre claire<\/li>\n<\/ul>\n","protected":false},"excerpt":{"rendered":"<p>T-shirt oversize \u00e0 col rond et manches courtes, avec bords en biais, confectionn\u00e9 en jersey de coton \u00e9pais de couleur gris d\u00e9lav\u00e9 avec un subtil effet d\u00e9lav\u00e9 d\u00e9grad\u00e9. Coupe oversize : choisissez votre taille habituelle pour le look souhait\u00e9 ou une taille en dessous pour une coupe plus ajust\u00e9e. Col rond c\u00f4tel\u00e9 Manches courtes Bords [&hellip;]<\/p>\n","protected":false},"featured_media":4127724,"comment_status":"open","ping_status":"closed","template":"","meta":[],"product_brand":[2529],"product_cat":[],"product_tag":[],"acf":[],"_links":{"self":[{"href":"https:\/\/streetmarkets.fr\/app\/wp-json\/wp\/v2\/product\/4050036"}],"collection":[{"href":"https:\/\/streetmarkets.fr\/app\/wp-json\/wp\/v2\/product"}],"about":[{"href":"https:\/\/streetmarkets.fr\/app\/wp-json\/wp\/v2\/types\/product"}],"replies":[{"embeddable":true,"href":"https:\/\/streetmarkets.fr\/app\/wp-json\/wp\/v2\/comments?post=4050036"}],"wp:featuredmedia":[{"embeddable":true,"href":"https:\/\/streetmarkets.fr\/app\/wp-json\/wp\/v2\/media\/4127724"}],"wp:attachment":[{"href":"https:\/\/streetmarkets.fr\/app\/wp-json\/wp\/v2\/media?parent=4050036"}],"wp:term":[{"taxonomy":"product_brand","embeddable":true,"href":"https:\/\/streetmarkets.fr\/app\/wp-json\/wp\/v2\/product_brand?post=4050036"},{"taxonomy":"product_cat","embeddable":true,"href":"https:\/\/streetmarkets.fr\/app\/wp-json\/wp\/v2\/product_cat?post=4050036"},{"taxonomy":"product_tag","embeddable":true,"href":"https:\/\/streetmarkets.fr\/app\/wp-json\/wp\/v2\/product_tag?post=4050036"}],"curies":[{"name":"wp","href":"https:\/\/api.w.org\/{rel}","templated":true}]}}