{"id":4049942,"date":"2026-04-30T02:30:24","date_gmt":"2026-04-30T00:30:24","guid":{"rendered":"https:\/\/streetmarkets.fr\/app\/produit\/pull-col-roule-geobo-261-m-mid-grey\/"},"modified":"2026-05-14T02:33:37","modified_gmt":"2026-05-14T00:33:37","slug":"pull-col-roule-geobo-261-m-mid-grey","status":"publish","type":"product","link":"https:\/\/streetmarkets.fr\/app\/produit\/pull-col-roule-geobo-261-m-mid-grey\/","title":{"rendered":"Pull col roul\u00e9 Geobo (261 \/ M \/ MID GREY)"},"content":{"rendered":"<p>Pull gris \u00e0 col roul\u00e9 boutonn\u00e9 et coupe d\u00e9contract\u00e9e, confectionn\u00e9 en m\u00e9lange de coton et laine m\u00e9rinos extra-fine.<\/p>\n<ul>\n<li>Coupe d\u00e9contract\u00e9e<\/li>\n<li>Col roul\u00e9 boutonn\u00e9<\/li>\n<li>\u00c9paules tombantes<\/li>\n<li>Poignets et ourlet c\u00f4tel\u00e9s<\/li>\n<li>M\u00e9lange de coton et m\u00e9rinos extra fin<\/li>\n<\/ul>\n","protected":false},"excerpt":{"rendered":"<p>Pull gris \u00e0 col roul\u00e9 boutonn\u00e9 et coupe d\u00e9contract\u00e9e, confectionn\u00e9 en m\u00e9lange de coton et laine m\u00e9rinos extra-fine. Coupe d\u00e9contract\u00e9e Col roul\u00e9 boutonn\u00e9 \u00c9paules tombantes Poignets et ourlet c\u00f4tel\u00e9s M\u00e9lange de coton et m\u00e9rinos extra fin<\/p>\n","protected":false},"featured_media":4132739,"comment_status":"open","ping_status":"closed","template":"","meta":[],"product_brand":[2529],"product_cat":[],"product_tag":[],"acf":[],"_links":{"self":[{"href":"https:\/\/streetmarkets.fr\/app\/wp-json\/wp\/v2\/product\/4049942"}],"collection":[{"href":"https:\/\/streetmarkets.fr\/app\/wp-json\/wp\/v2\/product"}],"about":[{"href":"https:\/\/streetmarkets.fr\/app\/wp-json\/wp\/v2\/types\/product"}],"replies":[{"embeddable":true,"href":"https:\/\/streetmarkets.fr\/app\/wp-json\/wp\/v2\/comments?post=4049942"}],"wp:featuredmedia":[{"embeddable":true,"href":"https:\/\/streetmarkets.fr\/app\/wp-json\/wp\/v2\/media\/4132739"}],"wp:attachment":[{"href":"https:\/\/streetmarkets.fr\/app\/wp-json\/wp\/v2\/media?parent=4049942"}],"wp:term":[{"taxonomy":"product_brand","embeddable":true,"href":"https:\/\/streetmarkets.fr\/app\/wp-json\/wp\/v2\/product_brand?post=4049942"},{"taxonomy":"product_cat","embeddable":true,"href":"https:\/\/streetmarkets.fr\/app\/wp-json\/wp\/v2\/product_cat?post=4049942"},{"taxonomy":"product_tag","embeddable":true,"href":"https:\/\/streetmarkets.fr\/app\/wp-json\/wp\/v2\/product_tag?post=4049942"}],"curies":[{"name":"wp","href":"https:\/\/api.w.org\/{rel}","templated":true}]}}