{"id":4049920,"date":"2026-04-30T02:30:22","date_gmt":"2026-04-30T00:30:22","guid":{"rendered":"https:\/\/streetmarkets.fr\/app\/produit\/sweatshirt-col-rond-flake-261-m-aqua\/"},"modified":"2026-05-06T02:32:47","modified_gmt":"2026-05-06T00:32:47","slug":"sweatshirt-col-rond-flake-261-m-aqua","status":"publish","type":"product","link":"https:\/\/streetmarkets.fr\/app\/produit\/sweatshirt-col-rond-flake-261-m-aqua\/","title":{"rendered":"Sweatshirt col rond Flake (261 \/ M \/ AQUA)"},"content":{"rendered":"<p>Sweatshirt classique \u00e0 col rond et bordures c\u00f4tel\u00e9es, confectionn\u00e9 en jersey de coton d\u00e9lav\u00e9 couleur menthe.<\/p>\n<ul>\n<li>Coupe classique<\/li>\n<li>Col rond<\/li>\n<li>Manches longues<\/li>\n<li>Bords c\u00f4tel\u00e9s<\/li>\n<\/ul>\n","protected":false},"excerpt":{"rendered":"<p>Sweatshirt classique \u00e0 col rond et bordures c\u00f4tel\u00e9es, confectionn\u00e9 en jersey de coton d\u00e9lav\u00e9 couleur menthe. Coupe classique Col rond Manches longues Bords c\u00f4tel\u00e9s<\/p>\n","protected":false},"featured_media":4088639,"comment_status":"open","ping_status":"closed","template":"","meta":[],"product_brand":[2529],"product_cat":[],"product_tag":[],"acf":[],"_links":{"self":[{"href":"https:\/\/streetmarkets.fr\/app\/wp-json\/wp\/v2\/product\/4049920"}],"collection":[{"href":"https:\/\/streetmarkets.fr\/app\/wp-json\/wp\/v2\/product"}],"about":[{"href":"https:\/\/streetmarkets.fr\/app\/wp-json\/wp\/v2\/types\/product"}],"replies":[{"embeddable":true,"href":"https:\/\/streetmarkets.fr\/app\/wp-json\/wp\/v2\/comments?post=4049920"}],"wp:featuredmedia":[{"embeddable":true,"href":"https:\/\/streetmarkets.fr\/app\/wp-json\/wp\/v2\/media\/4088639"}],"wp:attachment":[{"href":"https:\/\/streetmarkets.fr\/app\/wp-json\/wp\/v2\/media?parent=4049920"}],"wp:term":[{"taxonomy":"product_brand","embeddable":true,"href":"https:\/\/streetmarkets.fr\/app\/wp-json\/wp\/v2\/product_brand?post=4049920"},{"taxonomy":"product_cat","embeddable":true,"href":"https:\/\/streetmarkets.fr\/app\/wp-json\/wp\/v2\/product_cat?post=4049920"},{"taxonomy":"product_tag","embeddable":true,"href":"https:\/\/streetmarkets.fr\/app\/wp-json\/wp\/v2\/product_tag?post=4049920"}],"curies":[{"name":"wp","href":"https:\/\/api.w.org\/{rel}","templated":true}]}}