{"id":4049873,"date":"2026-04-30T02:30:18","date_gmt":"2026-04-30T00:30:18","guid":{"rendered":"https:\/\/streetmarkets.fr\/app\/produit\/sweatshirt-a-capuche-mattis-261-m-calcaire\/"},"modified":"2026-05-15T02:33:57","modified_gmt":"2026-05-15T00:33:57","slug":"sweatshirt-a-capuche-mattis-261-m-calcaire","status":"publish","type":"product","link":"https:\/\/streetmarkets.fr\/app\/produit\/sweatshirt-a-capuche-mattis-261-m-calcaire\/","title":{"rendered":"Sweatshirt \u00e0 capuche Mattis (261 \/ M \/ CALCAIRE)"},"content":{"rendered":"<p>Sweatshirt \u00e0 capuche d\u00e9contract\u00e9 avec coutures d&#8217;\u00e9paule incurv\u00e9es, poche kangourou et bords c\u00f4tel\u00e9s, en molleton de coton bross\u00e9 beige clair.<\/p>\n<ul>\n<li>Coupe d\u00e9contract\u00e9e<\/li>\n<li>Grande capuche avec cordon de serrage<\/li>\n<li>Manches longues<\/li>\n<li>Bords c\u00f4tel\u00e9s<\/li>\n<li>Poche kangourou<\/li>\n<li>Jersey de coton bross\u00e9 des deux c\u00f4t\u00e9s pour une finition douce<\/li>\n<\/ul>\n","protected":false},"excerpt":{"rendered":"<p>Sweatshirt \u00e0 capuche d\u00e9contract\u00e9 avec coutures d&#8217;\u00e9paule incurv\u00e9es, poche kangourou et bords c\u00f4tel\u00e9s, en molleton de coton bross\u00e9 beige clair. Coupe d\u00e9contract\u00e9e Grande capuche avec cordon de serrage Manches longues Bords c\u00f4tel\u00e9s Poche kangourou Jersey de coton bross\u00e9 des deux c\u00f4t\u00e9s pour une finition douce<\/p>\n","protected":false},"featured_media":4138575,"comment_status":"open","ping_status":"closed","template":"","meta":[],"product_brand":[2529],"product_cat":[],"product_tag":[],"acf":[],"_links":{"self":[{"href":"https:\/\/streetmarkets.fr\/app\/wp-json\/wp\/v2\/product\/4049873"}],"collection":[{"href":"https:\/\/streetmarkets.fr\/app\/wp-json\/wp\/v2\/product"}],"about":[{"href":"https:\/\/streetmarkets.fr\/app\/wp-json\/wp\/v2\/types\/product"}],"replies":[{"embeddable":true,"href":"https:\/\/streetmarkets.fr\/app\/wp-json\/wp\/v2\/comments?post=4049873"}],"wp:featuredmedia":[{"embeddable":true,"href":"https:\/\/streetmarkets.fr\/app\/wp-json\/wp\/v2\/media\/4138575"}],"wp:attachment":[{"href":"https:\/\/streetmarkets.fr\/app\/wp-json\/wp\/v2\/media?parent=4049873"}],"wp:term":[{"taxonomy":"product_brand","embeddable":true,"href":"https:\/\/streetmarkets.fr\/app\/wp-json\/wp\/v2\/product_brand?post=4049873"},{"taxonomy":"product_cat","embeddable":true,"href":"https:\/\/streetmarkets.fr\/app\/wp-json\/wp\/v2\/product_cat?post=4049873"},{"taxonomy":"product_tag","embeddable":true,"href":"https:\/\/streetmarkets.fr\/app\/wp-json\/wp\/v2\/product_tag?post=4049873"}],"curies":[{"name":"wp","href":"https:\/\/api.w.org\/{rel}","templated":true}]}}