{"id":4049791,"date":"2026-04-30T02:30:11","date_gmt":"2026-04-30T00:30:11","guid":{"rendered":"https:\/\/streetmarkets.fr\/app\/produit\/740-pour-femme-261-w-blue\/"},"modified":"2026-05-07T02:32:51","modified_gmt":"2026-05-07T00:32:51","slug":"740-pour-femme-261-w-blue","status":"publish","type":"product","link":"https:\/\/streetmarkets.fr\/app\/produit\/740-pour-femme-261-w-blue\/","title":{"rendered":"740 pour Femme (261 \/ W \/ BLUE)"},"content":{"rendered":"<p>La sneaker lifestyle New Balance 740 associe une empeigne en mesh bicolore \u00e0 maille ouverte \u00e0 des empi\u00e8cements angulaires en su\u00e8de synth\u00e9tique, le tout dans une silhouette profil\u00e9e.<\/p>\n<ul>\n<li>Pointures unisexes\u00a0: pour une coupe ajust\u00e9e, prenez une pointure en dessous. Pour une coupe ample, prenez une pointure au-dessus.<\/li>\n<li>Mod\u00e8le\u00a0: U74034F<\/li>\n<li>Coloris\u00a0: Bleu oiseau avec Angora<\/li>\n<\/ul>\n","protected":false},"excerpt":{"rendered":"<p>La sneaker lifestyle New Balance 740 associe une empeigne en mesh bicolore \u00e0 maille ouverte \u00e0 des empi\u00e8cements angulaires en su\u00e8de synth\u00e9tique, le tout dans une silhouette profil\u00e9e. Pointures unisexes\u00a0: pour une coupe ajust\u00e9e, prenez une pointure en dessous. Pour une coupe ample, prenez une pointure au-dessus. Mod\u00e8le\u00a0: U74034F Coloris\u00a0: Bleu oiseau avec Angora<\/p>\n","protected":false},"featured_media":4093922,"comment_status":"open","ping_status":"closed","template":"","meta":[],"product_brand":[7132],"product_cat":[],"product_tag":[],"acf":[],"_links":{"self":[{"href":"https:\/\/streetmarkets.fr\/app\/wp-json\/wp\/v2\/product\/4049791"}],"collection":[{"href":"https:\/\/streetmarkets.fr\/app\/wp-json\/wp\/v2\/product"}],"about":[{"href":"https:\/\/streetmarkets.fr\/app\/wp-json\/wp\/v2\/types\/product"}],"replies":[{"embeddable":true,"href":"https:\/\/streetmarkets.fr\/app\/wp-json\/wp\/v2\/comments?post=4049791"}],"wp:featuredmedia":[{"embeddable":true,"href":"https:\/\/streetmarkets.fr\/app\/wp-json\/wp\/v2\/media\/4093922"}],"wp:attachment":[{"href":"https:\/\/streetmarkets.fr\/app\/wp-json\/wp\/v2\/media?parent=4049791"}],"wp:term":[{"taxonomy":"product_brand","embeddable":true,"href":"https:\/\/streetmarkets.fr\/app\/wp-json\/wp\/v2\/product_brand?post=4049791"},{"taxonomy":"product_cat","embeddable":true,"href":"https:\/\/streetmarkets.fr\/app\/wp-json\/wp\/v2\/product_cat?post=4049791"},{"taxonomy":"product_tag","embeddable":true,"href":"https:\/\/streetmarkets.fr\/app\/wp-json\/wp\/v2\/product_tag?post=4049791"}],"curies":[{"name":"wp","href":"https:\/\/api.w.org\/{rel}","templated":true}]}}