{"id":4049536,"date":"2026-04-30T02:29:40","date_gmt":"2026-04-30T00:29:40","guid":{"rendered":"https:\/\/streetmarkets.fr\/app\/produit\/veste-decontractee-wim-261-w-seed\/"},"modified":"2026-05-16T02:33:31","modified_gmt":"2026-05-16T00:33:31","slug":"veste-decontractee-wim-261-w-seed","status":"publish","type":"product","link":"https:\/\/streetmarkets.fr\/app\/produit\/veste-decontractee-wim-261-w-seed\/","title":{"rendered":"Veste d\u00e9contract\u00e9e Wim (261 \/ W \/ SEED)"},"content":{"rendered":"<p>Veste d\u00e9contract\u00e9e zipp\u00e9e beige, dot\u00e9e d\u2019un col montant, de multiples poches zipp\u00e9es et de cordons de serrage ajustables<\/p>\n<ul>\n<li>Coupe d\u00e9contract\u00e9e<\/li>\n<li>Col montant avec cordon de serrage<\/li>\n<li>Manches longues<\/li>\n<li>Fermeture zipp\u00e9e sur le devant<\/li>\n<li>Trois poches zipp\u00e9es<\/li>\n<li>Ourlet et poignets ajustables<\/li>\n<\/ul>\n","protected":false},"excerpt":{"rendered":"<p>Veste d\u00e9contract\u00e9e zipp\u00e9e beige, dot\u00e9e d\u2019un col montant, de multiples poches zipp\u00e9es et de cordons de serrage ajustables Coupe d\u00e9contract\u00e9e Col montant avec cordon de serrage Manches longues Fermeture zipp\u00e9e sur le devant Trois poches zipp\u00e9es Ourlet et poignets ajustables<\/p>\n","protected":false},"featured_media":4143401,"comment_status":"open","ping_status":"closed","template":"","meta":[],"product_brand":[2529],"product_cat":[],"product_tag":[],"acf":[],"_links":{"self":[{"href":"https:\/\/streetmarkets.fr\/app\/wp-json\/wp\/v2\/product\/4049536"}],"collection":[{"href":"https:\/\/streetmarkets.fr\/app\/wp-json\/wp\/v2\/product"}],"about":[{"href":"https:\/\/streetmarkets.fr\/app\/wp-json\/wp\/v2\/types\/product"}],"replies":[{"embeddable":true,"href":"https:\/\/streetmarkets.fr\/app\/wp-json\/wp\/v2\/comments?post=4049536"}],"wp:featuredmedia":[{"embeddable":true,"href":"https:\/\/streetmarkets.fr\/app\/wp-json\/wp\/v2\/media\/4143401"}],"wp:attachment":[{"href":"https:\/\/streetmarkets.fr\/app\/wp-json\/wp\/v2\/media?parent=4049536"}],"wp:term":[{"taxonomy":"product_brand","embeddable":true,"href":"https:\/\/streetmarkets.fr\/app\/wp-json\/wp\/v2\/product_brand?post=4049536"},{"taxonomy":"product_cat","embeddable":true,"href":"https:\/\/streetmarkets.fr\/app\/wp-json\/wp\/v2\/product_cat?post=4049536"},{"taxonomy":"product_tag","embeddable":true,"href":"https:\/\/streetmarkets.fr\/app\/wp-json\/wp\/v2\/product_tag?post=4049536"}],"curies":[{"name":"wp","href":"https:\/\/api.w.org\/{rel}","templated":true}]}}