{"id":4049394,"date":"2026-04-30T02:29:27","date_gmt":"2026-04-30T00:29:27","guid":{"rendered":"https:\/\/streetmarkets.fr\/app\/produit\/echarpe-a-carreaux-sovy-261-w-check-b\/"},"modified":"2026-05-08T02:40:45","modified_gmt":"2026-05-08T00:40:45","slug":"echarpe-a-carreaux-sovy-261-w-check-b","status":"publish","type":"product","link":"https:\/\/streetmarkets.fr\/app\/produit\/echarpe-a-carreaux-sovy-261-w-check-b\/","title":{"rendered":"\u00c9charpe \u00e0 carreaux Sovy (261 \/ W \/ CHECK B)"},"content":{"rendered":"<p>\u00c9charpe en laine tiss\u00e9e beige \u00e0 carreaux bordeaux et oranges, avec franges sur les bords courts.<\/p>\n<ul>\n<li>\u00c9charpe tiss\u00e9e<\/li>\n<li>Base beige \u00e0 carreaux bordeaux et oranges<\/li>\n<li>Franges sur les bords courts (1,5 cm)<\/li>\n<li>Forme rectangulaire<\/li>\n<li>Dimensions : 60 x 183 cm (franges comprises)<\/li>\n<li>100% laine<\/li>\n<\/ul>\n","protected":false},"excerpt":{"rendered":"<p>\u00c9charpe en laine tiss\u00e9e beige \u00e0 carreaux bordeaux et oranges, avec franges sur les bords courts. \u00c9charpe tiss\u00e9e Base beige \u00e0 carreaux bordeaux et oranges Franges sur les bords courts (1,5 cm) Forme rectangulaire Dimensions : 60 x 183 cm (franges comprises) 100% laine<\/p>\n","protected":false},"featured_media":4099524,"comment_status":"open","ping_status":"closed","template":"","meta":[],"product_brand":[2529],"product_cat":[],"product_tag":[],"acf":[],"_links":{"self":[{"href":"https:\/\/streetmarkets.fr\/app\/wp-json\/wp\/v2\/product\/4049394"}],"collection":[{"href":"https:\/\/streetmarkets.fr\/app\/wp-json\/wp\/v2\/product"}],"about":[{"href":"https:\/\/streetmarkets.fr\/app\/wp-json\/wp\/v2\/types\/product"}],"replies":[{"embeddable":true,"href":"https:\/\/streetmarkets.fr\/app\/wp-json\/wp\/v2\/comments?post=4049394"}],"wp:featuredmedia":[{"embeddable":true,"href":"https:\/\/streetmarkets.fr\/app\/wp-json\/wp\/v2\/media\/4099524"}],"wp:attachment":[{"href":"https:\/\/streetmarkets.fr\/app\/wp-json\/wp\/v2\/media?parent=4049394"}],"wp:term":[{"taxonomy":"product_brand","embeddable":true,"href":"https:\/\/streetmarkets.fr\/app\/wp-json\/wp\/v2\/product_brand?post=4049394"},{"taxonomy":"product_cat","embeddable":true,"href":"https:\/\/streetmarkets.fr\/app\/wp-json\/wp\/v2\/product_cat?post=4049394"},{"taxonomy":"product_tag","embeddable":true,"href":"https:\/\/streetmarkets.fr\/app\/wp-json\/wp\/v2\/product_tag?post=4049394"}],"curies":[{"name":"wp","href":"https:\/\/api.w.org\/{rel}","templated":true}]}}