{"id":4049388,"date":"2026-04-30T02:29:27","date_gmt":"2026-04-30T00:29:27","guid":{"rendered":"https:\/\/streetmarkets.fr\/app\/produit\/chaussettes-vanot-261-w-swan\/"},"modified":"2026-05-07T02:31:12","modified_gmt":"2026-05-07T00:31:12","slug":"chaussettes-vanot-261-w-swan","status":"publish","type":"product","link":"https:\/\/streetmarkets.fr\/app\/produit\/chaussettes-vanot-261-w-swan\/","title":{"rendered":"Chaussettes Vanot (261 \/ W \/ SWAN)"},"content":{"rendered":"<p>Chaussettes courtes \u00e9crues avec le logo &#8220;bb&#8221; jaune fluo et des rayures contrast\u00e9es. <\/p>\n<ul>\n<li>Longueur mi-mollet<\/li>\n<li>Texture c\u00f4tel\u00e9e<\/li>\n<li>Logo \u00ab bb \u00bb sur la cheville<\/li>\n<li>Texte \u00ab Depuis l&#8217;\u00e9t\u00e9 1989 \u00bb sur la semelle<\/li>\n<li>\u00c9cru avec d\u00e9tails jaune fluo<\/li>\n<\/ul>\n","protected":false},"excerpt":{"rendered":"<p>Chaussettes courtes \u00e9crues avec le logo &#8220;bb&#8221; jaune fluo et des rayures contrast\u00e9es. Longueur mi-mollet Texture c\u00f4tel\u00e9e Logo \u00ab bb \u00bb sur la cheville Texte \u00ab Depuis l&#8217;\u00e9t\u00e9 1989 \u00bb sur la semelle \u00c9cru avec d\u00e9tails jaune fluo<\/p>\n","protected":false},"featured_media":4093681,"comment_status":"open","ping_status":"closed","template":"","meta":[],"product_brand":[2529],"product_cat":[],"product_tag":[],"acf":[],"_links":{"self":[{"href":"https:\/\/streetmarkets.fr\/app\/wp-json\/wp\/v2\/product\/4049388"}],"collection":[{"href":"https:\/\/streetmarkets.fr\/app\/wp-json\/wp\/v2\/product"}],"about":[{"href":"https:\/\/streetmarkets.fr\/app\/wp-json\/wp\/v2\/types\/product"}],"replies":[{"embeddable":true,"href":"https:\/\/streetmarkets.fr\/app\/wp-json\/wp\/v2\/comments?post=4049388"}],"wp:featuredmedia":[{"embeddable":true,"href":"https:\/\/streetmarkets.fr\/app\/wp-json\/wp\/v2\/media\/4093681"}],"wp:attachment":[{"href":"https:\/\/streetmarkets.fr\/app\/wp-json\/wp\/v2\/media?parent=4049388"}],"wp:term":[{"taxonomy":"product_brand","embeddable":true,"href":"https:\/\/streetmarkets.fr\/app\/wp-json\/wp\/v2\/product_brand?post=4049388"},{"taxonomy":"product_cat","embeddable":true,"href":"https:\/\/streetmarkets.fr\/app\/wp-json\/wp\/v2\/product_cat?post=4049388"},{"taxonomy":"product_tag","embeddable":true,"href":"https:\/\/streetmarkets.fr\/app\/wp-json\/wp\/v2\/product_tag?post=4049388"}],"curies":[{"name":"wp","href":"https:\/\/api.w.org\/{rel}","templated":true}]}}