{"id":4049240,"date":"2026-04-30T02:29:07","date_gmt":"2026-04-30T00:29:07","guid":{"rendered":"https:\/\/streetmarkets.fr\/app\/produit\/sac-a-main-en-toile-singa-261-w-olive\/"},"modified":"2026-05-08T02:40:45","modified_gmt":"2026-05-08T00:40:45","slug":"sac-a-main-en-toile-singa-261-w-olive","status":"publish","type":"product","link":"https:\/\/streetmarkets.fr\/app\/produit\/sac-a-main-en-toile-singa-261-w-olive\/","title":{"rendered":"Sac \u00e0 main en toile Singa (261 \/ W \/ OLIVE)"},"content":{"rendered":"<p>Sac \u00e0 main en toile vert olive avec bordures en cuir, sangle amovible et logo m\u00e9tallique.<\/p>\n<ul>\n<li>Sac \u00e0 main en toile vert olive<\/li>\n<li>Poign\u00e9es et d\u00e9tails en cuir vert olive<\/li>\n<li>Fermeture m\u00e9tallique avec crochet<\/li>\n<li>Sangle amovible<\/li>\n<li>Poche int\u00e9rieure avec \u00e9tiquette tiss\u00e9e Bellerose<\/li>\n<li>Logo m\u00e9tallique argent\u00e9 sur le devant<\/li>\n<li>Coutures apparentes soulignant les poches int\u00e9rieures<\/li>\n<li>Dimensions : 35 \u00d7 36 \u00d7 18 cm<\/li>\n<li>Sangle amovible : 122 \u00d7 4 cm (longueur totale)<\/li>\n<li>Longueur de la poign\u00e9e : 41 cm<\/li>\n<\/ul>\n","protected":false},"excerpt":{"rendered":"<p>Sac \u00e0 main en toile vert olive avec bordures en cuir, sangle amovible et logo m\u00e9tallique. Sac \u00e0 main en toile vert olive Poign\u00e9es et d\u00e9tails en cuir vert olive Fermeture m\u00e9tallique avec crochet Sangle amovible Poche int\u00e9rieure avec \u00e9tiquette tiss\u00e9e Bellerose Logo m\u00e9tallique argent\u00e9 sur le devant Coutures apparentes soulignant les poches int\u00e9rieures Dimensions [&hellip;]<\/p>\n","protected":false},"featured_media":4099439,"comment_status":"open","ping_status":"closed","template":"","meta":[],"product_brand":[2529],"product_cat":[],"product_tag":[],"acf":[],"_links":{"self":[{"href":"https:\/\/streetmarkets.fr\/app\/wp-json\/wp\/v2\/product\/4049240"}],"collection":[{"href":"https:\/\/streetmarkets.fr\/app\/wp-json\/wp\/v2\/product"}],"about":[{"href":"https:\/\/streetmarkets.fr\/app\/wp-json\/wp\/v2\/types\/product"}],"replies":[{"embeddable":true,"href":"https:\/\/streetmarkets.fr\/app\/wp-json\/wp\/v2\/comments?post=4049240"}],"wp:featuredmedia":[{"embeddable":true,"href":"https:\/\/streetmarkets.fr\/app\/wp-json\/wp\/v2\/media\/4099439"}],"wp:attachment":[{"href":"https:\/\/streetmarkets.fr\/app\/wp-json\/wp\/v2\/media?parent=4049240"}],"wp:term":[{"taxonomy":"product_brand","embeddable":true,"href":"https:\/\/streetmarkets.fr\/app\/wp-json\/wp\/v2\/product_brand?post=4049240"},{"taxonomy":"product_cat","embeddable":true,"href":"https:\/\/streetmarkets.fr\/app\/wp-json\/wp\/v2\/product_cat?post=4049240"},{"taxonomy":"product_tag","embeddable":true,"href":"https:\/\/streetmarkets.fr\/app\/wp-json\/wp\/v2\/product_tag?post=4049240"}],"curies":[{"name":"wp","href":"https:\/\/api.w.org\/{rel}","templated":true}]}}