{"id":4049061,"date":"2026-04-30T02:28:55","date_gmt":"2026-04-30T00:28:55","guid":{"rendered":"https:\/\/streetmarkets.fr\/app\/produit\/sac-a-main-duol-261-w-latte\/"},"modified":"2026-05-13T02:30:28","modified_gmt":"2026-05-13T00:30:28","slug":"sac-a-main-duol-261-w-latte","status":"publish","type":"product","link":"https:\/\/streetmarkets.fr\/app\/produit\/sac-a-main-duol-261-w-latte\/","title":{"rendered":"Sac \u00e0 main Duol (261 \/ W \/ LATTE)"},"content":{"rendered":"<p>Sac \u00e0 bandouli\u00e8re en su\u00e8de camel avec une texture tiss\u00e9e, une silhouette structur\u00e9e et deux types de poign\u00e9es.<\/p>\n<ul>\n<li>Sac \u00e0 bandouli\u00e8re<\/li>\n<li>Sangle beige r\u00e9glable et amovible<\/li>\n<li>Poign\u00e9e courte en cuir de su\u00e8de<\/li>\n<li>Fermeture zipp\u00e9e<\/li>\n<li>Logo \u00ab blr \u00bb en m\u00e9tal sur le devant<\/li>\n<li>Poche int\u00e9rieure plaqu\u00e9e<\/li>\n<li>Poche lat\u00e9rale ext\u00e9rieure<\/li>\n<li>Dimensions : 15 x 30 x 9 cm<\/li>\n<li>Longueur de la sangle courte : 40 cm<\/li>\n<li>Longueur de la sangle longue : 130 cm<\/li>\n<\/ul>\n","protected":false},"excerpt":{"rendered":"<p>Sac \u00e0 bandouli\u00e8re en su\u00e8de camel avec une texture tiss\u00e9e, une silhouette structur\u00e9e et deux types de poign\u00e9es. Sac \u00e0 bandouli\u00e8re Sangle beige r\u00e9glable et amovible Poign\u00e9e courte en cuir de su\u00e8de Fermeture zipp\u00e9e Logo \u00ab blr \u00bb en m\u00e9tal sur le devant Poche int\u00e9rieure plaqu\u00e9e Poche lat\u00e9rale ext\u00e9rieure Dimensions : 15 x 30 x [&hellip;]<\/p>\n","protected":false},"featured_media":4127133,"comment_status":"open","ping_status":"closed","template":"","meta":[],"product_brand":[2529],"product_cat":[],"product_tag":[],"acf":[],"_links":{"self":[{"href":"https:\/\/streetmarkets.fr\/app\/wp-json\/wp\/v2\/product\/4049061"}],"collection":[{"href":"https:\/\/streetmarkets.fr\/app\/wp-json\/wp\/v2\/product"}],"about":[{"href":"https:\/\/streetmarkets.fr\/app\/wp-json\/wp\/v2\/types\/product"}],"replies":[{"embeddable":true,"href":"https:\/\/streetmarkets.fr\/app\/wp-json\/wp\/v2\/comments?post=4049061"}],"wp:featuredmedia":[{"embeddable":true,"href":"https:\/\/streetmarkets.fr\/app\/wp-json\/wp\/v2\/media\/4127133"}],"wp:attachment":[{"href":"https:\/\/streetmarkets.fr\/app\/wp-json\/wp\/v2\/media?parent=4049061"}],"wp:term":[{"taxonomy":"product_brand","embeddable":true,"href":"https:\/\/streetmarkets.fr\/app\/wp-json\/wp\/v2\/product_brand?post=4049061"},{"taxonomy":"product_cat","embeddable":true,"href":"https:\/\/streetmarkets.fr\/app\/wp-json\/wp\/v2\/product_cat?post=4049061"},{"taxonomy":"product_tag","embeddable":true,"href":"https:\/\/streetmarkets.fr\/app\/wp-json\/wp\/v2\/product_tag?post=4049061"}],"curies":[{"name":"wp","href":"https:\/\/api.w.org\/{rel}","templated":true}]}}