{"id":4049048,"date":"2026-04-30T02:28:45","date_gmt":"2026-04-30T00:28:45","guid":{"rendered":"https:\/\/streetmarkets.fr\/app\/produit\/pull-col-rond-angum-261-w-h-grey\/"},"modified":"2026-05-07T02:30:25","modified_gmt":"2026-05-07T00:30:25","slug":"pull-col-rond-angum-261-w-h-grey","status":"publish","type":"product","link":"https:\/\/streetmarkets.fr\/app\/produit\/pull-col-rond-angum-261-w-h-grey\/","title":{"rendered":"Pull col rond Angum (261 \/ W \/ H. GREY)"},"content":{"rendered":"<p>Pull col rond d\u00e9contract\u00e9 en coton doux gris chin\u00e9, avec finitions c\u00f4tel\u00e9es et \u00e9paules tombantes.<\/p>\n<ul>\n<li><b>Taille normalement<\/b><\/li>\n<li>Coupe d\u00e9contract\u00e9e : offre plus d\u2019aisance au niveau de la poitrine et des \u00e9paules pour un confort optimal.<\/li>\n<li>Col rond<\/li>\n<li>\u00c9paules tombantes<\/li>\n<li>Manches longues<\/li>\n<li>Col, poignets et ourlet c\u00f4tel\u00e9s<\/li>\n<li>Tissu en coton doux<\/li>\n<li>Jauge fine<\/li>\n<\/ul>\n","protected":false},"excerpt":{"rendered":"<p>Pull col rond d\u00e9contract\u00e9 en coton doux gris chin\u00e9, avec finitions c\u00f4tel\u00e9es et \u00e9paules tombantes. Taille normalement Coupe d\u00e9contract\u00e9e : offre plus d\u2019aisance au niveau de la poitrine et des \u00e9paules pour un confort optimal. Col rond \u00c9paules tombantes Manches longues Col, poignets et ourlet c\u00f4tel\u00e9s Tissu en coton doux Jauge fine<\/p>\n","protected":false},"featured_media":4093474,"comment_status":"open","ping_status":"closed","template":"","meta":[],"product_brand":[2529],"product_cat":[],"product_tag":[],"acf":[],"_links":{"self":[{"href":"https:\/\/streetmarkets.fr\/app\/wp-json\/wp\/v2\/product\/4049048"}],"collection":[{"href":"https:\/\/streetmarkets.fr\/app\/wp-json\/wp\/v2\/product"}],"about":[{"href":"https:\/\/streetmarkets.fr\/app\/wp-json\/wp\/v2\/types\/product"}],"replies":[{"embeddable":true,"href":"https:\/\/streetmarkets.fr\/app\/wp-json\/wp\/v2\/comments?post=4049048"}],"wp:featuredmedia":[{"embeddable":true,"href":"https:\/\/streetmarkets.fr\/app\/wp-json\/wp\/v2\/media\/4093474"}],"wp:attachment":[{"href":"https:\/\/streetmarkets.fr\/app\/wp-json\/wp\/v2\/media?parent=4049048"}],"wp:term":[{"taxonomy":"product_brand","embeddable":true,"href":"https:\/\/streetmarkets.fr\/app\/wp-json\/wp\/v2\/product_brand?post=4049048"},{"taxonomy":"product_cat","embeddable":true,"href":"https:\/\/streetmarkets.fr\/app\/wp-json\/wp\/v2\/product_cat?post=4049048"},{"taxonomy":"product_tag","embeddable":true,"href":"https:\/\/streetmarkets.fr\/app\/wp-json\/wp\/v2\/product_tag?post=4049048"}],"curies":[{"name":"wp","href":"https:\/\/api.w.org\/{rel}","templated":true}]}}