{"id":4048896,"date":"2026-04-30T02:28:34","date_gmt":"2026-04-30T00:28:34","guid":{"rendered":"https:\/\/streetmarkets.fr\/app\/produit\/creoles-ovales-261-w-gold\/"},"modified":"2026-05-17T02:30:42","modified_gmt":"2026-05-17T00:30:42","slug":"creoles-ovales-261-w-gold","status":"publish","type":"product","link":"https:\/\/streetmarkets.fr\/app\/produit\/creoles-ovales-261-w-gold\/","title":{"rendered":"Cr\u00e9oles Ovales (261 \/ W \/ GOLD)"},"content":{"rendered":"<p>Les boucles d&#8217;oreilles cr\u00e9oles ovales Gilbert Gilbert arborent un design ovale en argent 925 plaqu\u00e9 or 18 carats martel\u00e9.<\/p>\n<ul>\n<li>Pour oreilles perc\u00e9es<\/li>\n<li>Boucles d&#8217;oreilles vendues par paire<\/li>\n<li>Longueur\u00a0: 2 cm<\/li>\n<li>Style ovale<\/li>\n<li>Couleur\u00a0: Dor\u00e9<\/li>\n<\/ul>\n","protected":false},"excerpt":{"rendered":"<p>Les boucles d&#8217;oreilles cr\u00e9oles ovales Gilbert Gilbert arborent un design ovale en argent 925 plaqu\u00e9 or 18 carats martel\u00e9. Pour oreilles perc\u00e9es Boucles d&#8217;oreilles vendues par paire Longueur\u00a0: 2 cm Style ovale Couleur\u00a0: Dor\u00e9<\/p>\n","protected":false},"featured_media":4148018,"comment_status":"open","ping_status":"closed","template":"","meta":[],"product_brand":[],"product_cat":[],"product_tag":[],"acf":[],"_links":{"self":[{"href":"https:\/\/streetmarkets.fr\/app\/wp-json\/wp\/v2\/product\/4048896"}],"collection":[{"href":"https:\/\/streetmarkets.fr\/app\/wp-json\/wp\/v2\/product"}],"about":[{"href":"https:\/\/streetmarkets.fr\/app\/wp-json\/wp\/v2\/types\/product"}],"replies":[{"embeddable":true,"href":"https:\/\/streetmarkets.fr\/app\/wp-json\/wp\/v2\/comments?post=4048896"}],"wp:featuredmedia":[{"embeddable":true,"href":"https:\/\/streetmarkets.fr\/app\/wp-json\/wp\/v2\/media\/4148018"}],"wp:attachment":[{"href":"https:\/\/streetmarkets.fr\/app\/wp-json\/wp\/v2\/media?parent=4048896"}],"wp:term":[{"taxonomy":"product_brand","embeddable":true,"href":"https:\/\/streetmarkets.fr\/app\/wp-json\/wp\/v2\/product_brand?post=4048896"},{"taxonomy":"product_cat","embeddable":true,"href":"https:\/\/streetmarkets.fr\/app\/wp-json\/wp\/v2\/product_cat?post=4048896"},{"taxonomy":"product_tag","embeddable":true,"href":"https:\/\/streetmarkets.fr\/app\/wp-json\/wp\/v2\/product_tag?post=4048896"}],"curies":[{"name":"wp","href":"https:\/\/api.w.org\/{rel}","templated":true}]}}