{"id":4048884,"date":"2026-04-30T02:28:34","date_gmt":"2026-04-30T00:28:34","guid":{"rendered":"https:\/\/streetmarkets.fr\/app\/produit\/creoles-alice-261-w-silver\/"},"modified":"2026-05-15T02:30:54","modified_gmt":"2026-05-15T00:30:54","slug":"creoles-alice-261-w-silver","status":"publish","type":"product","link":"https:\/\/streetmarkets.fr\/app\/produit\/creoles-alice-261-w-silver\/","title":{"rendered":"Cr\u00e9oles Alice (261 \/ W \/ SILVER)"},"content":{"rendered":"<p>Les boucles d&#8217;oreilles cr\u00e9oles Alice de Gilbert Gilbert pr\u00e9sentent un design cisel\u00e9 en argent 925 plaqu\u00e9 or 18k.<\/p>\n<ul>\n<li>Pour oreilles perc\u00e9es<\/li>\n<li>Boucles d&#8217;oreilles vendues par paire<\/li>\n<li>Longueur\u00a0: 2,5 cm<\/li>\n<li>Mod\u00e8le\u00a0: Alice<\/li>\n<li>Couleur\u00a0: Or<\/li>\n<\/ul>\n","protected":false},"excerpt":{"rendered":"<p>Les boucles d&#8217;oreilles cr\u00e9oles Alice de Gilbert Gilbert pr\u00e9sentent un design cisel\u00e9 en argent 925 plaqu\u00e9 or 18k. Pour oreilles perc\u00e9es Boucles d&#8217;oreilles vendues par paire Longueur\u00a0: 2,5 cm Mod\u00e8le\u00a0: Alice Couleur\u00a0: Or<\/p>\n","protected":false},"featured_media":4137964,"comment_status":"open","ping_status":"closed","template":"","meta":[],"product_brand":[],"product_cat":[],"product_tag":[],"acf":[],"_links":{"self":[{"href":"https:\/\/streetmarkets.fr\/app\/wp-json\/wp\/v2\/product\/4048884"}],"collection":[{"href":"https:\/\/streetmarkets.fr\/app\/wp-json\/wp\/v2\/product"}],"about":[{"href":"https:\/\/streetmarkets.fr\/app\/wp-json\/wp\/v2\/types\/product"}],"replies":[{"embeddable":true,"href":"https:\/\/streetmarkets.fr\/app\/wp-json\/wp\/v2\/comments?post=4048884"}],"wp:featuredmedia":[{"embeddable":true,"href":"https:\/\/streetmarkets.fr\/app\/wp-json\/wp\/v2\/media\/4137964"}],"wp:attachment":[{"href":"https:\/\/streetmarkets.fr\/app\/wp-json\/wp\/v2\/media?parent=4048884"}],"wp:term":[{"taxonomy":"product_brand","embeddable":true,"href":"https:\/\/streetmarkets.fr\/app\/wp-json\/wp\/v2\/product_brand?post=4048884"},{"taxonomy":"product_cat","embeddable":true,"href":"https:\/\/streetmarkets.fr\/app\/wp-json\/wp\/v2\/product_cat?post=4048884"},{"taxonomy":"product_tag","embeddable":true,"href":"https:\/\/streetmarkets.fr\/app\/wp-json\/wp\/v2\/product_tag?post=4048884"}],"curies":[{"name":"wp","href":"https:\/\/api.w.org\/{rel}","templated":true}]}}