{"id":4048234,"date":"2026-04-30T02:27:26","date_gmt":"2026-04-30T00:27:26","guid":{"rendered":"https:\/\/streetmarkets.fr\/app\/produit\/sweatshirt-col-rond-flips-261-w-grape\/"},"modified":"2026-05-06T02:28:37","modified_gmt":"2026-05-06T00:28:37","slug":"sweatshirt-col-rond-flips-261-w-grape","status":"publish","type":"product","link":"https:\/\/streetmarkets.fr\/app\/produit\/sweatshirt-col-rond-flips-261-w-grape\/","title":{"rendered":"Sweatshirt col rond Flips (261 \/ W \/ GRAPE)"},"content":{"rendered":"<p>Sweatshirt oversized \u00e0 col rond en coton violet d\u00e9lav\u00e9 avec coutures apparentes et \u00e9tiquette Bellerose.<\/p>\n<ul>\n<li>Coupe oversized : Choisissez votre taille habituelle pour le rendu souhait\u00e9, ou une taille en-dessous pour un style plus ajust\u00e9.<\/li>\n<li>Col rond avec bords c\u00f4tel\u00e9s<\/li>\n<li>D\u00e9tail de couture triangulaire sous le col<\/li>\n<li>\u00c9paules tombantes<\/li>\n<li>Manches longues avec poignets c\u00f4tel\u00e9s<\/li>\n<li>Ourlet c\u00f4tel\u00e9 \u00e9lastiqu\u00e9<\/li>\n<li>Coutures apparentes<\/li>\n<li>Petite \u00e9tiquette tiss\u00e9e avec le logo Bellerose<\/li>\n<\/ul>\n","protected":false},"excerpt":{"rendered":"<p>Sweatshirt oversized \u00e0 col rond en coton violet d\u00e9lav\u00e9 avec coutures apparentes et \u00e9tiquette Bellerose. Coupe oversized : Choisissez votre taille habituelle pour le rendu souhait\u00e9, ou une taille en-dessous pour un style plus ajust\u00e9. Col rond avec bords c\u00f4tel\u00e9s D\u00e9tail de couture triangulaire sous le col \u00c9paules tombantes Manches longues avec poignets c\u00f4tel\u00e9s Ourlet [&hellip;]<\/p>\n","protected":false},"featured_media":4087594,"comment_status":"open","ping_status":"closed","template":"","meta":[],"product_brand":[2529],"product_cat":[],"product_tag":[],"acf":[],"_links":{"self":[{"href":"https:\/\/streetmarkets.fr\/app\/wp-json\/wp\/v2\/product\/4048234"}],"collection":[{"href":"https:\/\/streetmarkets.fr\/app\/wp-json\/wp\/v2\/product"}],"about":[{"href":"https:\/\/streetmarkets.fr\/app\/wp-json\/wp\/v2\/types\/product"}],"replies":[{"embeddable":true,"href":"https:\/\/streetmarkets.fr\/app\/wp-json\/wp\/v2\/comments?post=4048234"}],"wp:featuredmedia":[{"embeddable":true,"href":"https:\/\/streetmarkets.fr\/app\/wp-json\/wp\/v2\/media\/4087594"}],"wp:attachment":[{"href":"https:\/\/streetmarkets.fr\/app\/wp-json\/wp\/v2\/media?parent=4048234"}],"wp:term":[{"taxonomy":"product_brand","embeddable":true,"href":"https:\/\/streetmarkets.fr\/app\/wp-json\/wp\/v2\/product_brand?post=4048234"},{"taxonomy":"product_cat","embeddable":true,"href":"https:\/\/streetmarkets.fr\/app\/wp-json\/wp\/v2\/product_cat?post=4048234"},{"taxonomy":"product_tag","embeddable":true,"href":"https:\/\/streetmarkets.fr\/app\/wp-json\/wp\/v2\/product_tag?post=4048234"}],"curies":[{"name":"wp","href":"https:\/\/api.w.org\/{rel}","templated":true}]}}