{"id":4048021,"date":"2026-04-30T02:26:59","date_gmt":"2026-04-30T00:26:59","guid":{"rendered":"https:\/\/streetmarkets.fr\/app\/produit\/sangle-reglable-sogo-252-w-cognac\/"},"modified":"2026-05-11T02:38:14","modified_gmt":"2026-05-11T00:38:14","slug":"sangle-reglable-sogo-252-w-cognac","status":"publish","type":"product","link":"https:\/\/streetmarkets.fr\/app\/produit\/sangle-reglable-sogo-252-w-cognac\/","title":{"rendered":"Sangle r\u00e9glable Sogo (252 \/ W \/ COGNAC)"},"content":{"rendered":"<p>Sangle r\u00e9glable en tissu cognac avec attaches m\u00e9tal argent\u00e9.<\/p>\n<ul>\n<li>Attaches en m\u00e9tal argent\u00e9<\/li>\n<li>Crochets de fermeture des deux c\u00f4t\u00e9s<\/li>\n<li>Anneau en D suppl\u00e9mentaire pour accrocher des cl\u00e9s, un Rosike&#8230;<\/li>\n<li>Longueur totale (r\u00e9glable) : 130cm<\/li>\n<li>Largeur : 3cm<\/li>\n<\/ul>\n","protected":false},"excerpt":{"rendered":"<p>Sangle r\u00e9glable en tissu cognac avec attaches m\u00e9tal argent\u00e9. Attaches en m\u00e9tal argent\u00e9 Crochets de fermeture des deux c\u00f4t\u00e9s Anneau en D suppl\u00e9mentaire pour accrocher des cl\u00e9s, un Rosike&#8230; Longueur totale (r\u00e9glable) : 130cm Largeur : 3cm<\/p>\n","protected":false},"featured_media":4115034,"comment_status":"open","ping_status":"closed","template":"","meta":[],"product_brand":[2529],"product_cat":[],"product_tag":[],"acf":[],"_links":{"self":[{"href":"https:\/\/streetmarkets.fr\/app\/wp-json\/wp\/v2\/product\/4048021"}],"collection":[{"href":"https:\/\/streetmarkets.fr\/app\/wp-json\/wp\/v2\/product"}],"about":[{"href":"https:\/\/streetmarkets.fr\/app\/wp-json\/wp\/v2\/types\/product"}],"replies":[{"embeddable":true,"href":"https:\/\/streetmarkets.fr\/app\/wp-json\/wp\/v2\/comments?post=4048021"}],"wp:featuredmedia":[{"embeddable":true,"href":"https:\/\/streetmarkets.fr\/app\/wp-json\/wp\/v2\/media\/4115034"}],"wp:attachment":[{"href":"https:\/\/streetmarkets.fr\/app\/wp-json\/wp\/v2\/media?parent=4048021"}],"wp:term":[{"taxonomy":"product_brand","embeddable":true,"href":"https:\/\/streetmarkets.fr\/app\/wp-json\/wp\/v2\/product_brand?post=4048021"},{"taxonomy":"product_cat","embeddable":true,"href":"https:\/\/streetmarkets.fr\/app\/wp-json\/wp\/v2\/product_cat?post=4048021"},{"taxonomy":"product_tag","embeddable":true,"href":"https:\/\/streetmarkets.fr\/app\/wp-json\/wp\/v2\/product_tag?post=4048021"}],"curies":[{"name":"wp","href":"https:\/\/api.w.org\/{rel}","templated":true}]}}