{"id":4047964,"date":"2026-04-30T02:26:56","date_gmt":"2026-04-30T00:26:56","guid":{"rendered":"https:\/\/streetmarkets.fr\/app\/produit\/chaussettes-vem-252-w-oyster\/"},"modified":"2026-05-17T02:27:57","modified_gmt":"2026-05-17T00:27:57","slug":"chaussettes-vem-252-w-oyster","status":"publish","type":"product","link":"https:\/\/streetmarkets.fr\/app\/produit\/chaussettes-vem-252-w-oyster\/","title":{"rendered":"Chaussettes Vem (252 \/ W \/ OYSTER)"},"content":{"rendered":"<p>Chaussettes c\u00f4tel\u00e9es en gris clair avec un logo rose p\u00e2le sur la cheville et un logo bellerose rose p\u00e2le sur la semelle, avec des pointes et des talons renforc\u00e9s pour plus de confort.<\/p>\n<ul>\n<li>Chaussettes courtes<\/li>\n<li>Gris clair avec logos contrast\u00e9s en rose p\u00e2le<\/li>\n<li>Texture c\u00f4tel\u00e9e<\/li>\n<li>Bout et talon renforc\u00e9s<\/li>\n<li>Souple et confortable<\/li>\n<\/ul>\n","protected":false},"excerpt":{"rendered":"<p>Chaussettes c\u00f4tel\u00e9es en gris clair avec un logo rose p\u00e2le sur la cheville et un logo bellerose rose p\u00e2le sur la semelle, avec des pointes et des talons renforc\u00e9s pour plus de confort. Chaussettes courtes Gris clair avec logos contrast\u00e9s en rose p\u00e2le Texture c\u00f4tel\u00e9e Bout et talon renforc\u00e9s Souple et confortable<\/p>\n","protected":false},"featured_media":4147471,"comment_status":"open","ping_status":"closed","template":"","meta":[],"product_brand":[2529],"product_cat":[],"product_tag":[],"acf":[],"_links":{"self":[{"href":"https:\/\/streetmarkets.fr\/app\/wp-json\/wp\/v2\/product\/4047964"}],"collection":[{"href":"https:\/\/streetmarkets.fr\/app\/wp-json\/wp\/v2\/product"}],"about":[{"href":"https:\/\/streetmarkets.fr\/app\/wp-json\/wp\/v2\/types\/product"}],"replies":[{"embeddable":true,"href":"https:\/\/streetmarkets.fr\/app\/wp-json\/wp\/v2\/comments?post=4047964"}],"wp:featuredmedia":[{"embeddable":true,"href":"https:\/\/streetmarkets.fr\/app\/wp-json\/wp\/v2\/media\/4147471"}],"wp:attachment":[{"href":"https:\/\/streetmarkets.fr\/app\/wp-json\/wp\/v2\/media?parent=4047964"}],"wp:term":[{"taxonomy":"product_brand","embeddable":true,"href":"https:\/\/streetmarkets.fr\/app\/wp-json\/wp\/v2\/product_brand?post=4047964"},{"taxonomy":"product_cat","embeddable":true,"href":"https:\/\/streetmarkets.fr\/app\/wp-json\/wp\/v2\/product_cat?post=4047964"},{"taxonomy":"product_tag","embeddable":true,"href":"https:\/\/streetmarkets.fr\/app\/wp-json\/wp\/v2\/product_tag?post=4047964"}],"curies":[{"name":"wp","href":"https:\/\/api.w.org\/{rel}","templated":true}]}}