{"id":4047799,"date":"2026-04-30T02:26:41","date_gmt":"2026-04-30T00:26:41","guid":{"rendered":"https:\/\/streetmarkets.fr\/app\/produit\/t-shirt-a-manches-courtes-felio-252-w-white\/"},"modified":"2026-05-09T02:37:23","modified_gmt":"2026-05-09T00:37:23","slug":"t-shirt-a-manches-courtes-felio-252-w-white","status":"publish","type":"product","link":"https:\/\/streetmarkets.fr\/app\/produit\/t-shirt-a-manches-courtes-felio-252-w-white\/","title":{"rendered":"T-shirt \u00e0 manches courtes Felio (252 \/ W \/ WHITE)"},"content":{"rendered":"<p>T-shirt classique blanc \u00e0 col rond, avec un logo en caoutchouc rouge contrast\u00e9 et des petites fentes lat\u00e9rales.<\/p>\n<ul>\n<li>Coupe droite<\/li>\n<li>Col rond<\/li>\n<li>Manches courtes<\/li>\n<li>Petites fentes lat\u00e9rales<\/li>\n<li>Logo &#8220;rose&#8221; en caoutchouc rouge<\/li>\n<li>Tissu en coton doux<\/li>\n<\/ul>\n","protected":false},"excerpt":{"rendered":"<p>T-shirt classique blanc \u00e0 col rond, avec un logo en caoutchouc rouge contrast\u00e9 et des petites fentes lat\u00e9rales. Coupe droite Col rond Manches courtes Petites fentes lat\u00e9rales Logo &#8220;rose&#8221; en caoutchouc rouge Tissu en coton doux<\/p>\n","protected":false},"featured_media":4104114,"comment_status":"open","ping_status":"closed","template":"","meta":[],"product_brand":[2529],"product_cat":[],"product_tag":[],"acf":[],"_links":{"self":[{"href":"https:\/\/streetmarkets.fr\/app\/wp-json\/wp\/v2\/product\/4047799"}],"collection":[{"href":"https:\/\/streetmarkets.fr\/app\/wp-json\/wp\/v2\/product"}],"about":[{"href":"https:\/\/streetmarkets.fr\/app\/wp-json\/wp\/v2\/types\/product"}],"replies":[{"embeddable":true,"href":"https:\/\/streetmarkets.fr\/app\/wp-json\/wp\/v2\/comments?post=4047799"}],"wp:featuredmedia":[{"embeddable":true,"href":"https:\/\/streetmarkets.fr\/app\/wp-json\/wp\/v2\/media\/4104114"}],"wp:attachment":[{"href":"https:\/\/streetmarkets.fr\/app\/wp-json\/wp\/v2\/media?parent=4047799"}],"wp:term":[{"taxonomy":"product_brand","embeddable":true,"href":"https:\/\/streetmarkets.fr\/app\/wp-json\/wp\/v2\/product_brand?post=4047799"},{"taxonomy":"product_cat","embeddable":true,"href":"https:\/\/streetmarkets.fr\/app\/wp-json\/wp\/v2\/product_cat?post=4047799"},{"taxonomy":"product_tag","embeddable":true,"href":"https:\/\/streetmarkets.fr\/app\/wp-json\/wp\/v2\/product_tag?post=4047799"}],"curies":[{"name":"wp","href":"https:\/\/api.w.org\/{rel}","templated":true}]}}