{"id":4047624,"date":"2026-04-30T02:26:24","date_gmt":"2026-04-30T00:26:24","guid":{"rendered":"https:\/\/streetmarkets.fr\/app\/produit\/object-n-12-xl-251-w-off-white\/"},"modified":"2026-05-11T02:37:32","modified_gmt":"2026-05-11T00:37:32","slug":"object-n-12-xl-251-w-off-white","status":"publish","type":"product","link":"https:\/\/streetmarkets.fr\/app\/produit\/object-n-12-xl-251-w-off-white\/","title":{"rendered":"Object N.12 &#8211; XL (251 \/ W \/ OFF WHITE)"},"content":{"rendered":"<p>Emporte plus que tu ne l\u2019aurais cru possible \u2014 avec style, bien s\u00fbr.<\/p>\n<ul>\n<li>Tote bag en toile de coton \u00e9paisse<\/li>\n<li>Imprim\u00e9 : \u00ab Grand bazar \u00bb<\/li>\n<li>Dimensions :<\/li>\n<li>Hauteur 41 cm<\/li>\n<li>Largeur 80 cm (au-dessus) \/ 50 cm (fond)<\/li>\n<li>Profondeur 30 cm<\/li>\n<\/ul>\n","protected":false},"excerpt":{"rendered":"<p>Emporte plus que tu ne l\u2019aurais cru possible \u2014 avec style, bien s\u00fbr. Tote bag en toile de coton \u00e9paisse Imprim\u00e9 : \u00ab Grand bazar \u00bb Dimensions : Hauteur 41 cm Largeur 80 cm (au-dessus) \/ 50 cm (fond) Profondeur 30 cm<\/p>\n","protected":false},"featured_media":4114803,"comment_status":"open","ping_status":"closed","template":"","meta":[],"product_brand":[2529],"product_cat":[],"product_tag":[],"acf":[],"_links":{"self":[{"href":"https:\/\/streetmarkets.fr\/app\/wp-json\/wp\/v2\/product\/4047624"}],"collection":[{"href":"https:\/\/streetmarkets.fr\/app\/wp-json\/wp\/v2\/product"}],"about":[{"href":"https:\/\/streetmarkets.fr\/app\/wp-json\/wp\/v2\/types\/product"}],"replies":[{"embeddable":true,"href":"https:\/\/streetmarkets.fr\/app\/wp-json\/wp\/v2\/comments?post=4047624"}],"wp:featuredmedia":[{"embeddable":true,"href":"https:\/\/streetmarkets.fr\/app\/wp-json\/wp\/v2\/media\/4114803"}],"wp:attachment":[{"href":"https:\/\/streetmarkets.fr\/app\/wp-json\/wp\/v2\/media?parent=4047624"}],"wp:term":[{"taxonomy":"product_brand","embeddable":true,"href":"https:\/\/streetmarkets.fr\/app\/wp-json\/wp\/v2\/product_brand?post=4047624"},{"taxonomy":"product_cat","embeddable":true,"href":"https:\/\/streetmarkets.fr\/app\/wp-json\/wp\/v2\/product_cat?post=4047624"},{"taxonomy":"product_tag","embeddable":true,"href":"https:\/\/streetmarkets.fr\/app\/wp-json\/wp\/v2\/product_tag?post=4047624"}],"curies":[{"name":"wp","href":"https:\/\/api.w.org\/{rel}","templated":true}]}}