{"id":4033487,"date":"2026-04-27T01:20:25","date_gmt":"2026-04-26T23:20:25","guid":{"rendered":"https:\/\/streetmarkets.fr\/app\/produit\/eventail-tournesol\/"},"modified":"2026-05-13T01:20:40","modified_gmt":"2026-05-12T23:20:40","slug":"eventail-tournesol","status":"publish","type":"product","link":"https:\/\/streetmarkets.fr\/app\/produit\/eventail-tournesol\/","title":{"rendered":"Eventail Tournesol"},"content":{"rendered":"<div class=\"rte-content\" id=\"product-description-short-41\">\n <a title=\"Collection Coucou Suzette\" href=\"\/collections\/coucou-suzette\"><strong>Collection Coucou Suzette<\/strong><\/a>\n<\/div>\n<div class=\"rte-content\">\n<strong><\/strong>\n<\/div>\n<div class=\"rte-content\">\n<div class=\"rte-content\" id=\"product-description-short-123\">\n<p><span>De quoi faire baisser la temp\u00e9rature avec style, que ce soit dans le m\u00e9tro ou au bord de la mer (on pr\u00e9f\u00e8rera au bord de mer, merci).<\/span><\/p>\n<div class=\"rte-content\">\n<div id=\"product-description-short-123\" class=\"rte-content\">\n<ul>\n<li style=\"font-style: italic\"><em>Composition : bambou et polyester<\/em><\/li>\n<li style=\"font-style: italic\"><em>Hauteur : 24,5 cm<\/em><\/li>\n<li style=\"font-style: italic\"><em>Longueur ouvert : 42 cm<\/em><\/li>\n<li style=\"font-style: italic\"><em>Fabriqu\u00e9 en Chine dans une usine audit\u00e9e<\/em><\/li>\n<\/ul>\n<\/div>\n<\/div>\n<\/div>\n<\/div>\n","protected":false},"excerpt":{"rendered":"<p>Collection Coucou Suzette De quoi faire baisser la temp\u00e9rature avec style, que ce soit dans le m\u00e9tro ou au bord de la mer (on pr\u00e9f\u00e8rera au bord de mer, merci). Composition : bambou et polyester Hauteur : 24,5 cm Longueur ouvert : 42 cm Fabriqu\u00e9 en Chine dans une usine audit\u00e9e<\/p>\n","protected":false},"featured_media":4033488,"comment_status":"open","ping_status":"closed","template":"","meta":[],"product_brand":[],"product_cat":[],"product_tag":[],"acf":[],"_links":{"self":[{"href":"https:\/\/streetmarkets.fr\/app\/wp-json\/wp\/v2\/product\/4033487"}],"collection":[{"href":"https:\/\/streetmarkets.fr\/app\/wp-json\/wp\/v2\/product"}],"about":[{"href":"https:\/\/streetmarkets.fr\/app\/wp-json\/wp\/v2\/types\/product"}],"replies":[{"embeddable":true,"href":"https:\/\/streetmarkets.fr\/app\/wp-json\/wp\/v2\/comments?post=4033487"}],"wp:featuredmedia":[{"embeddable":true,"href":"https:\/\/streetmarkets.fr\/app\/wp-json\/wp\/v2\/media\/4033488"}],"wp:attachment":[{"href":"https:\/\/streetmarkets.fr\/app\/wp-json\/wp\/v2\/media?parent=4033487"}],"wp:term":[{"taxonomy":"product_brand","embeddable":true,"href":"https:\/\/streetmarkets.fr\/app\/wp-json\/wp\/v2\/product_brand?post=4033487"},{"taxonomy":"product_cat","embeddable":true,"href":"https:\/\/streetmarkets.fr\/app\/wp-json\/wp\/v2\/product_cat?post=4033487"},{"taxonomy":"product_tag","embeddable":true,"href":"https:\/\/streetmarkets.fr\/app\/wp-json\/wp\/v2\/product_tag?post=4033487"}],"curies":[{"name":"wp","href":"https:\/\/api.w.org\/{rel}","templated":true}]}}