{"id":4033373,"date":"2026-04-27T01:20:08","date_gmt":"2026-04-26T23:20:08","guid":{"rendered":"https:\/\/streetmarkets.fr\/app\/produit\/pareo-rjb-indigo\/"},"modified":"2026-05-06T01:19:53","modified_gmt":"2026-05-05T23:19:53","slug":"pareo-rjb-indigo","status":"publish","type":"product","link":"https:\/\/streetmarkets.fr\/app\/produit\/pareo-rjb-indigo\/","title":{"rendered":"Par\u00e9o RJB Indigo"},"content":{"rendered":"<p><a href=\"\/collections\/moismont\" title=\"Collection Moismont\"><strong>Collection Moismont<\/strong><\/a><\/p>\n<p><span>Le par\u00e9o RJB s\u00e9duit par sa l\u00e9g\u00e8ret\u00e9 et son effet drap\u00e9 fluide. Confectionn\u00e9 en voile de coton doux et a\u00e9rien, il accompagne parfaitement vos journ\u00e9es en bord de mer tout en conservant souplesse et confort. Ses grandes bordures tiss\u00e9es apportent une finition nette et soign\u00e9e. Avec son format g\u00e9n\u00e9reux de 100 \u00d7 200 cm, il se noue en par\u00e9o, se porte en \u00e9tole et sublime vos silhouettes estivales.<\/span><\/p>\n<ul>\n<li><span>Dimensions : 100 x 200 cm, format g\u00e9n\u00e9reux<\/span><\/li>\n<li>\n<span>Composition : 100% voile de coton, l\u00e9ger et doux<\/span>\n<\/li>\n<li>Imprim\u00e9 tricolore, style graphique et lumineux<\/li>\n<li>Bords droits, finition nette<\/li>\n<li><span>Dessin\u00e9 en France<br \/><\/span><\/li>\n<li>\n<span>Fabriqu\u00e9 de mani\u00e8re artisanale en Inde<\/span><span><br \/><\/span>\n<\/li>\n<li><span>Le par\u00e9o peut comporter quelques irr\u00e9gularit\u00e9s qui font tout le charme de sa conception artisanale.<\/span><\/li>\n<\/ul>\n<p><span><em>Le coton est une fibre naturelle qui n\u00e9cessite un entretien simple. Pour pr\u00e9server votre foulard, lavez-le \u00e0 30\u00b0C maximum avec des couleurs similaires. Blanchiment d\u00e9conseill\u00e9. S\u00e9chage \u00e0 l\u2019air libre et repassage doux max 110\u00b0.<\/em><\/span><\/p>\n","protected":false},"excerpt":{"rendered":"<p>Collection Moismont Le par\u00e9o RJB s\u00e9duit par sa l\u00e9g\u00e8ret\u00e9 et son effet drap\u00e9 fluide. Confectionn\u00e9 en voile de coton doux et a\u00e9rien, il accompagne parfaitement vos journ\u00e9es en bord de mer tout en conservant souplesse et confort. Ses grandes bordures tiss\u00e9es apportent une finition nette et soign\u00e9e. Avec son format g\u00e9n\u00e9reux de 100 \u00d7 200 [&hellip;]<\/p>\n","protected":false},"featured_media":4033374,"comment_status":"open","ping_status":"closed","template":"","meta":[],"product_brand":[],"product_cat":[],"product_tag":[],"acf":[],"_links":{"self":[{"href":"https:\/\/streetmarkets.fr\/app\/wp-json\/wp\/v2\/product\/4033373"}],"collection":[{"href":"https:\/\/streetmarkets.fr\/app\/wp-json\/wp\/v2\/product"}],"about":[{"href":"https:\/\/streetmarkets.fr\/app\/wp-json\/wp\/v2\/types\/product"}],"replies":[{"embeddable":true,"href":"https:\/\/streetmarkets.fr\/app\/wp-json\/wp\/v2\/comments?post=4033373"}],"wp:featuredmedia":[{"embeddable":true,"href":"https:\/\/streetmarkets.fr\/app\/wp-json\/wp\/v2\/media\/4033374"}],"wp:attachment":[{"href":"https:\/\/streetmarkets.fr\/app\/wp-json\/wp\/v2\/media?parent=4033373"}],"wp:term":[{"taxonomy":"product_brand","embeddable":true,"href":"https:\/\/streetmarkets.fr\/app\/wp-json\/wp\/v2\/product_brand?post=4033373"},{"taxonomy":"product_cat","embeddable":true,"href":"https:\/\/streetmarkets.fr\/app\/wp-json\/wp\/v2\/product_cat?post=4033373"},{"taxonomy":"product_tag","embeddable":true,"href":"https:\/\/streetmarkets.fr\/app\/wp-json\/wp\/v2\/product_tag?post=4033373"}],"curies":[{"name":"wp","href":"https:\/\/api.w.org\/{rel}","templated":true}]}}