{"id":4033327,"date":"2026-04-27T01:20:04","date_gmt":"2026-04-26T23:20:04","guid":{"rendered":"https:\/\/streetmarkets.fr\/app\/produit\/boucles-doreilles-roma-miel\/"},"modified":"2026-05-06T01:19:53","modified_gmt":"2026-05-05T23:19:53","slug":"boucles-doreilles-roma-miel","status":"publish","type":"product","link":"https:\/\/streetmarkets.fr\/app\/produit\/boucles-doreilles-roma-miel\/","title":{"rendered":"Boucles d&#8217;Oreilles Roma Miel"},"content":{"rendered":"<h4>\n<a title=\"Collection Waekura\" href=\"https:\/\/frenchtouche.com\/collections\/waekura\">Collection Waekura<\/a><br \/>\n<\/h4>\n<ul>\n<li>\n<span>Composition :<\/span><span>\u00a0ac\u00e9tate de cellulose fabriqu\u00e9 en Italie<\/span>\n<\/li>\n<li><span>Tige et fermoir en plaqu\u00e9 or 3 microns<\/span><\/li>\n<li><span>Diam\u00e8tre : 2 cm<\/span><\/li>\n<li><span>Epaisseur : 1 cm<\/span><\/li>\n<li class=\"p1\">Livr\u00e9es dans un pochon en coton<\/li>\n<li class=\"p1\" style=\"font-style: italic\">\n <em>Les bijoux en ac\u00e9tate poss\u00e8dent des teintes pouvant l\u00e9g\u00e8rement varier\u00a0en fonction des mod\u00e8les. Cela n&#8217;engage en rien leur esth\u00e9tique et leur qualit\u00e9.<\/em>\n<\/li>\n<\/ul>\n<p class=\"p1\"><em>Tous les bijoux Waekura r\u00e9sistent \u00e0 l&#8217;eau, au temps, et ne noircissent pas. Ils sont hypoallerg\u00e9niques et garantis 1 an.<\/em><\/p>\n<p class=\"p1\"><em> <span>Pour garder vos bijoux le plus longtemps possible, \u00e9vitez de les mettre en contact de produits chimiques, cosm\u00e9tiques, ou parfums.<\/span><br \/><span>Ne les portez pas pendant vos bains de mer ou pendant votre s\u00e9ance de sport, et rangez-les dans dans leur petit pochon en coton.<\/span><br \/><span>Pour nettoyer un bijou, un simple chiffon doux et sec permettra de raviver son \u00e9clat.<\/span><\/em><\/p>\n","protected":false},"excerpt":{"rendered":"<p>Collection Waekura Composition :\u00a0ac\u00e9tate de cellulose fabriqu\u00e9 en Italie Tige et fermoir en plaqu\u00e9 or 3 microns Diam\u00e8tre : 2 cm Epaisseur : 1 cm Livr\u00e9es dans un pochon en coton Les bijoux en ac\u00e9tate poss\u00e8dent des teintes pouvant l\u00e9g\u00e8rement varier\u00a0en fonction des mod\u00e8les. Cela n&#8217;engage en rien leur esth\u00e9tique et leur qualit\u00e9. Tous les [&hellip;]<\/p>\n","protected":false},"featured_media":4033328,"comment_status":"open","ping_status":"closed","template":"","meta":[],"product_brand":[],"product_cat":[],"product_tag":[],"acf":[],"_links":{"self":[{"href":"https:\/\/streetmarkets.fr\/app\/wp-json\/wp\/v2\/product\/4033327"}],"collection":[{"href":"https:\/\/streetmarkets.fr\/app\/wp-json\/wp\/v2\/product"}],"about":[{"href":"https:\/\/streetmarkets.fr\/app\/wp-json\/wp\/v2\/types\/product"}],"replies":[{"embeddable":true,"href":"https:\/\/streetmarkets.fr\/app\/wp-json\/wp\/v2\/comments?post=4033327"}],"wp:featuredmedia":[{"embeddable":true,"href":"https:\/\/streetmarkets.fr\/app\/wp-json\/wp\/v2\/media\/4033328"}],"wp:attachment":[{"href":"https:\/\/streetmarkets.fr\/app\/wp-json\/wp\/v2\/media?parent=4033327"}],"wp:term":[{"taxonomy":"product_brand","embeddable":true,"href":"https:\/\/streetmarkets.fr\/app\/wp-json\/wp\/v2\/product_brand?post=4033327"},{"taxonomy":"product_cat","embeddable":true,"href":"https:\/\/streetmarkets.fr\/app\/wp-json\/wp\/v2\/product_cat?post=4033327"},{"taxonomy":"product_tag","embeddable":true,"href":"https:\/\/streetmarkets.fr\/app\/wp-json\/wp\/v2\/product_tag?post=4033327"}],"curies":[{"name":"wp","href":"https:\/\/api.w.org\/{rel}","templated":true}]}}