{"id":4008203,"date":"2026-04-24T01:01:08","date_gmt":"2026-04-23T23:01:08","guid":{"rendered":"https:\/\/streetmarkets.fr\/app\/produit\/carre-brode-fruits\/"},"modified":"2026-05-15T01:01:57","modified_gmt":"2026-05-14T23:01:57","slug":"carre-brode-fruits","status":"publish","type":"product","link":"https:\/\/streetmarkets.fr\/app\/produit\/carre-brode-fruits\/","title":{"rendered":"Carr\u00e9 brod\u00e9 Fruits"},"content":{"rendered":"<p>Carr\u00e9 Fruits en coton : Le foulard qui met de la couleur dans la journ\u00e9e !<br \/>On le noue autour du cou, dans les cheveux ou \u00e0 l\u2019anse d\u2019un sac pour r\u00e9veiller un look en un geste. Inspir\u00e9 d\u2019une sc\u00e8ne de table joyeuse, entre fruits frais et motifs \u00e0 carreaux, ce foulard joue la carte d\u2019un univers gourmand et graphique.<br \/>C\u00f4t\u00e9 mati\u00e8re \/ fabrication :<br data-end=\"636\" data-start=\"633\">100 % coton, l\u00e9ger et respirant. Con\u00e7u \u00e0 Los Angeles et fabriqu\u00e9 en Inde.<\/p>\n<p>Le petit plus qui nous fait craquer : Cette bordure crochet artisanale qui encadre le carr\u00e9 et lui donne un vrai relief.<\/p>\n<p>Mais aussi :<\/p>\n<ul data-end=\"599\" data-start=\"348\">\n<li data-end=\"407\" data-start=\"348\" data-section-id=\"1oa0z92\">Son motif color\u00e9 inspir\u00e9 d\u2019une table remplie de fruits.\n<\/li>\n<li data-end=\"537\" data-start=\"472\" data-section-id=\"rzgj86\">Son message brod\u00e9 \u201cGreat Life, Bright Bites\u201d, discret et fun.<\/li>\n<li data-end=\"599\" data-start=\"538\" data-section-id=\"1a4l4tz\">Son format 50 x 50 cm, facile \u00e0 porter de multiples fa\u00e7ons.<\/li>\n<\/ul>\n<p>\u00a0<\/p>\n","protected":false},"excerpt":{"rendered":"<p>Carr\u00e9 Fruits en coton : Le foulard qui met de la couleur dans la journ\u00e9e !On le noue autour du cou, dans les cheveux ou \u00e0 l\u2019anse d\u2019un sac pour r\u00e9veiller un look en un geste. Inspir\u00e9 d\u2019une sc\u00e8ne de table joyeuse, entre fruits frais et motifs \u00e0 carreaux, ce foulard joue la carte d\u2019un [&hellip;]<\/p>\n","protected":false},"featured_media":4008204,"comment_status":"open","ping_status":"closed","template":"","meta":[],"product_brand":[],"product_cat":[],"product_tag":[],"acf":[],"_links":{"self":[{"href":"https:\/\/streetmarkets.fr\/app\/wp-json\/wp\/v2\/product\/4008203"}],"collection":[{"href":"https:\/\/streetmarkets.fr\/app\/wp-json\/wp\/v2\/product"}],"about":[{"href":"https:\/\/streetmarkets.fr\/app\/wp-json\/wp\/v2\/types\/product"}],"replies":[{"embeddable":true,"href":"https:\/\/streetmarkets.fr\/app\/wp-json\/wp\/v2\/comments?post=4008203"}],"wp:featuredmedia":[{"embeddable":true,"href":"https:\/\/streetmarkets.fr\/app\/wp-json\/wp\/v2\/media\/4008204"}],"wp:attachment":[{"href":"https:\/\/streetmarkets.fr\/app\/wp-json\/wp\/v2\/media?parent=4008203"}],"wp:term":[{"taxonomy":"product_brand","embeddable":true,"href":"https:\/\/streetmarkets.fr\/app\/wp-json\/wp\/v2\/product_brand?post=4008203"},{"taxonomy":"product_cat","embeddable":true,"href":"https:\/\/streetmarkets.fr\/app\/wp-json\/wp\/v2\/product_cat?post=4008203"},{"taxonomy":"product_tag","embeddable":true,"href":"https:\/\/streetmarkets.fr\/app\/wp-json\/wp\/v2\/product_tag?post=4008203"}],"curies":[{"name":"wp","href":"https:\/\/api.w.org\/{rel}","templated":true}]}}