{"id":4008131,"date":"2026-04-24T00:59:07","date_gmt":"2026-04-23T22:59:07","guid":{"rendered":"https:\/\/streetmarkets.fr\/app\/produit\/bague-essentiel-torsade\/"},"modified":"2026-05-15T00:59:24","modified_gmt":"2026-05-14T22:59:24","slug":"bague-essentiel-torsade","status":"publish","type":"product","link":"https:\/\/streetmarkets.fr\/app\/produit\/bague-essentiel-torsade\/","title":{"rendered":"Bague Essentiel Torsad\u00e9"},"content":{"rendered":"<div class=\"flex flex-col text-sm pb-25\">\n<article class=\"text-token-text-primary w-full focus:outline-none [--shadow-height:45px] has-data-writing-block:pointer-events-none has-data-writing-block:-mt-(--shadow-height) has-data-writing-block:pt-(--shadow-height) [&amp;:has([data-writing-block])&gt;*]:pointer-events-auto scroll-mt-[calc(var(--header-height)+min(200px,max(70px,20svh)))]\" dir=\"auto\" data-turn-id=\"request-69944f3b-2ddc-8325-b962-550439f224a5-8\" data-testid=\"conversation-turn-224\" data-scroll-anchor=\"true\" data-turn=\"assistant\">\n<div class=\"text-base my-auto mx-auto pb-10 [--thread-content-margin:var(--thread-content-margin-xs,calc(var(--spacing)*4))] @w-sm\/main:[--thread-content-margin:var(--thread-content-margin-sm,calc(var(--spacing)*6))] @w-lg\/main:[--thread-content-margin:var(--thread-content-margin-lg,calc(var(--spacing)*16))] px-(--thread-content-margin)\">\n<div class=\"[--thread-content-max-width:40rem] @w-lg\/main:[--thread-content-max-width:48rem] mx-auto max-w-(--thread-content-max-width) flex-1 group\/turn-messages focus-visible:outline-hidden relative flex w-full min-w-0 flex-col agent-turn\">\n<div class=\"flex max-w-full flex-col gap-4 grow\">\n<div data-message-author-role=\"assistant\" data-message-id=\"075b278a-85f2-4ae9-ba32-5545b37ec39c\" dir=\"auto\" data-message-model-slug=\"gpt-5-3\" class=\"min-h-8 text-message relative flex w-full flex-col items-end gap-2 text-start break-words whitespace-normal [.text-message+&amp;]:mt-1\">\n<div class=\"flex w-full flex-col gap-1 empty:hidden\">\n<div class=\"markdown prose dark:prose-invert w-full wrap-break-word light markdown-new-styling\">Bague Essentiel Torsad\u00e9 : La bague simple qui change tout !\u00a0<br \/>Parfois, un joli relief suffit pour donner du style \u00e0 une bague.\u00a0La bague Essentiel Torsad\u00e9 mise justement sur ce d\u00e9tail : un anneau torsad\u00e9 en laiton dor\u00e9 \u00e0 l\u2019or fin 24 carats, travaill\u00e9 avec du volume pour cr\u00e9er un motif d\u00e9licat et plein de caract\u00e8re.\u00a0<\/p>\n<p>La torsade parcourt l\u2019anneau et se termine par deux petites billes dor\u00e9es. Un d\u00e9tail qu\u2019on aime beaucoup, et qui permet aussi \u00e0 la bague d\u2019\u00eatre r\u00e9glable, gr\u00e2ce \u00e0 son anneau ouvert qui s\u2019ajuste facilement au doigt.\u00a0<br \/>Elle est fabriqu\u00e9e en France, de la conception jusqu\u2019\u00e0 la dorure, avec un v\u00e9ritable savoir-faire artisanal.\u00a0<\/p>\n<p>En r\u00e9sum\u00e9, on l&#8217;adopte pour :<br data-start=\"891\" data-end=\"894\">\u2022 pour son anneau torsad\u00e9 plein de relief<br data-start=\"939\" data-end=\"942\">\u2022 pour ses deux petites billes dor\u00e9es en finition<br data-start=\"995\" data-end=\"998\">\u2022 parce qu\u2019elle est faite en France<br data-start=\"1050\" data-end=\"1053\">\u2022 pour son style simple mais toujours efficace\u00a0<\/p>\n<\/div>\n<\/div>\n<\/div>\n<\/div>\n<div class=\"mt-3 w-full empty:hidden\"><\/div>\n<\/div>\n<\/div>\n<\/article>\n<\/div>\n","protected":false},"excerpt":{"rendered":"<p>Bague Essentiel Torsad\u00e9 : La bague simple qui change tout !\u00a0Parfois, un joli relief suffit pour donner du style \u00e0 une bague.\u00a0La bague Essentiel Torsad\u00e9 mise justement sur ce d\u00e9tail : un anneau torsad\u00e9 en laiton dor\u00e9 \u00e0 l\u2019or fin 24 carats, travaill\u00e9 avec du volume pour cr\u00e9er un motif d\u00e9licat et plein de caract\u00e8re.\u00a0 [&hellip;]<\/p>\n","protected":false},"featured_media":4008132,"comment_status":"open","ping_status":"closed","template":"","meta":[],"product_brand":[],"product_cat":[],"product_tag":[],"acf":[],"_links":{"self":[{"href":"https:\/\/streetmarkets.fr\/app\/wp-json\/wp\/v2\/product\/4008131"}],"collection":[{"href":"https:\/\/streetmarkets.fr\/app\/wp-json\/wp\/v2\/product"}],"about":[{"href":"https:\/\/streetmarkets.fr\/app\/wp-json\/wp\/v2\/types\/product"}],"replies":[{"embeddable":true,"href":"https:\/\/streetmarkets.fr\/app\/wp-json\/wp\/v2\/comments?post=4008131"}],"wp:featuredmedia":[{"embeddable":true,"href":"https:\/\/streetmarkets.fr\/app\/wp-json\/wp\/v2\/media\/4008132"}],"wp:attachment":[{"href":"https:\/\/streetmarkets.fr\/app\/wp-json\/wp\/v2\/media?parent=4008131"}],"wp:term":[{"taxonomy":"product_brand","embeddable":true,"href":"https:\/\/streetmarkets.fr\/app\/wp-json\/wp\/v2\/product_brand?post=4008131"},{"taxonomy":"product_cat","embeddable":true,"href":"https:\/\/streetmarkets.fr\/app\/wp-json\/wp\/v2\/product_cat?post=4008131"},{"taxonomy":"product_tag","embeddable":true,"href":"https:\/\/streetmarkets.fr\/app\/wp-json\/wp\/v2\/product_tag?post=4008131"}],"curies":[{"name":"wp","href":"https:\/\/api.w.org\/{rel}","templated":true}]}}