{"id":4008115,"date":"2026-04-24T00:59:03","date_gmt":"2026-04-23T22:59:03","guid":{"rendered":"https:\/\/streetmarkets.fr\/app\/produit\/charms-petite-orange\/"},"modified":"2026-05-10T00:59:03","modified_gmt":"2026-05-09T22:59:03","slug":"charms-petite-orange","status":"publish","type":"product","link":"https:\/\/streetmarkets.fr\/app\/produit\/charms-petite-orange\/","title":{"rendered":"Charms Petite Orange"},"content":{"rendered":"<p data-start=\"0\" data-end=\"65\">Charms Petite Orange : Le petit fruit qui boost notre look !\u00a0<br \/>Zircon orange vif et\u00a0 feuille en zircon vert, pour ce charms en forme de petite orange qui donne ce c\u00f4t\u00e9 solaire et ludique \u00e0 nos bijoux. Pens\u00e9 pour s\u2019accorder facilement, il peut se porter seul ou se combiner avec nos monos mini cr\u00e9oles pour des accumulations qui nous ressemblent.<\/p>\n<p data-start=\"358\" data-end=\"588\">Dor\u00e9 \u00e0 l\u2019or 18 carats et fabriqu\u00e9 en France, il allie modernit\u00e9 et durabilit\u00e9. R\u00e9sistant \u00e0 l\u2019eau, au temps et aux tendances, il traverse les ann\u00e9es sans perdre son \u00e9clat et reste fid\u00e8le \u00e0 nos envies de style solaire et effortless.<\/p>\n<p data-start=\"590\" data-end=\"693\" data-is-last-node=\"\" data-is-only-node=\"\">Un fruit miniature, une touche de brillance, et notre look passe instantan\u00e9ment en mode fun et \u00e9l\u00e9gant.<\/p>\n","protected":false},"excerpt":{"rendered":"<p>Charms Petite Orange : Le petit fruit qui boost notre look !\u00a0Zircon orange vif et\u00a0 feuille en zircon vert, pour ce charms en forme de petite orange qui donne ce c\u00f4t\u00e9 solaire et ludique \u00e0 nos bijoux. Pens\u00e9 pour s\u2019accorder facilement, il peut se porter seul ou se combiner avec nos monos mini cr\u00e9oles pour [&hellip;]<\/p>\n","protected":false},"featured_media":4008116,"comment_status":"open","ping_status":"closed","template":"","meta":[],"product_brand":[],"product_cat":[],"product_tag":[],"acf":[],"_links":{"self":[{"href":"https:\/\/streetmarkets.fr\/app\/wp-json\/wp\/v2\/product\/4008115"}],"collection":[{"href":"https:\/\/streetmarkets.fr\/app\/wp-json\/wp\/v2\/product"}],"about":[{"href":"https:\/\/streetmarkets.fr\/app\/wp-json\/wp\/v2\/types\/product"}],"replies":[{"embeddable":true,"href":"https:\/\/streetmarkets.fr\/app\/wp-json\/wp\/v2\/comments?post=4008115"}],"wp:featuredmedia":[{"embeddable":true,"href":"https:\/\/streetmarkets.fr\/app\/wp-json\/wp\/v2\/media\/4008116"}],"wp:attachment":[{"href":"https:\/\/streetmarkets.fr\/app\/wp-json\/wp\/v2\/media?parent=4008115"}],"wp:term":[{"taxonomy":"product_brand","embeddable":true,"href":"https:\/\/streetmarkets.fr\/app\/wp-json\/wp\/v2\/product_brand?post=4008115"},{"taxonomy":"product_cat","embeddable":true,"href":"https:\/\/streetmarkets.fr\/app\/wp-json\/wp\/v2\/product_cat?post=4008115"},{"taxonomy":"product_tag","embeddable":true,"href":"https:\/\/streetmarkets.fr\/app\/wp-json\/wp\/v2\/product_tag?post=4008115"}],"curies":[{"name":"wp","href":"https:\/\/api.w.org\/{rel}","templated":true}]}}