{"id":4003218,"date":"2026-04-23T02:01:02","date_gmt":"2026-04-23T00:01:02","guid":{"rendered":"https:\/\/streetmarkets.fr\/app\/produit\/kardo-stanley-jacket-natural-dyed-charcoal\/"},"modified":"2026-05-03T02:01:14","modified_gmt":"2026-05-03T00:01:14","slug":"kardo-stanley-jacket-natural-dyed-charcoal","status":"publish","type":"product","link":"https:\/\/streetmarkets.fr\/app\/produit\/kardo-stanley-jacket-natural-dyed-charcoal\/","title":{"rendered":"KARDO STANLEY Jacket Natural dyed Charcoal"},"content":{"rendered":"<p><b>Cr\u00e9ateur :<\/b> Kardo, Inde<\/p>\n<p><b>R\u00e9alisation : <\/b>Veste \u00e0 manches raglan d&rsquo;inspiration vintage avec fermeture \u00e9clair \u00e0 double sens<\/p>\n<p><b><\/b><span class=\"Y2IQFc\" lang=\"fr\">100 % coton tein naturel, broderie main<\/span><\/p>\n<p>Fond\u00e9e en 2013 dans la capitale Indienne de New Delhi, Kardo propose une collection qui va \u00e0 l\u2019encontre de la \u00ab\u00a0fast-fashion\u00a0\u00bb et de la production de masse.<span class=\"Apple-converted-space\">\u00a0<\/span><\/p>\n<p class=\"p1\">Une approche cr\u00e9ative qui a choisi de rendre hommage \u00e0 de nombreuses techniques traditionnelles indiennes de tissage ou de teinture en les adaptant aux exigences actuelles.<\/p>\n<p class=\"p1\"><em><span class=\"Y2IQFc\" lang=\"en\"><strong>Details : <\/strong><\/span><span class=\"Y2IQFc\" lang=\"en\">Vintage-inspired raglan-sleeve jacket with a two-way zipper 100% natural-dyed cotton, hand-embroidered<\/span><\/em><\/p>\n<p class=\"p1\"><em>Founded in 2013 in the Indian capital of New Delhi, Kardo offers a collection that goes against \u00ab\u00a0fast fashion\u00a0\u00bb and mass production. A creative approach which has chosen to pay homage to many traditional Indian weaving or dyeing techniques by adapting them to current requirements.<\/em><\/p>\n<p id=\"tw-target-text\" class=\"tw-data-text tw-text-large tw-ta\" dir=\"ltr\" data-placeholder=\"Traduction\">\n","protected":false},"excerpt":{"rendered":"<p>Cr\u00e9ateur : Kardo, Inde R\u00e9alisation : Veste \u00e0 manches raglan d&rsquo;inspiration vintage avec fermeture \u00e9clair \u00e0 double sens 100 % coton tein naturel, broderie main Fond\u00e9e en 2013 dans la capitale Indienne de New Delhi, Kardo propose une collection qui va \u00e0 l\u2019encontre de la \u00ab\u00a0fast-fashion\u00a0\u00bb et de la production de masse.\u00a0 Une approche cr\u00e9ative [&hellip;]<\/p>\n","protected":false},"featured_media":4003219,"comment_status":"open","ping_status":"closed","template":"","meta":[],"product_brand":[],"product_cat":[],"product_tag":[],"acf":[],"_links":{"self":[{"href":"https:\/\/streetmarkets.fr\/app\/wp-json\/wp\/v2\/product\/4003218"}],"collection":[{"href":"https:\/\/streetmarkets.fr\/app\/wp-json\/wp\/v2\/product"}],"about":[{"href":"https:\/\/streetmarkets.fr\/app\/wp-json\/wp\/v2\/types\/product"}],"replies":[{"embeddable":true,"href":"https:\/\/streetmarkets.fr\/app\/wp-json\/wp\/v2\/comments?post=4003218"}],"wp:featuredmedia":[{"embeddable":true,"href":"https:\/\/streetmarkets.fr\/app\/wp-json\/wp\/v2\/media\/4003219"}],"wp:attachment":[{"href":"https:\/\/streetmarkets.fr\/app\/wp-json\/wp\/v2\/media?parent=4003218"}],"wp:term":[{"taxonomy":"product_brand","embeddable":true,"href":"https:\/\/streetmarkets.fr\/app\/wp-json\/wp\/v2\/product_brand?post=4003218"},{"taxonomy":"product_cat","embeddable":true,"href":"https:\/\/streetmarkets.fr\/app\/wp-json\/wp\/v2\/product_cat?post=4003218"},{"taxonomy":"product_tag","embeddable":true,"href":"https:\/\/streetmarkets.fr\/app\/wp-json\/wp\/v2\/product_tag?post=4003218"}],"curies":[{"name":"wp","href":"https:\/\/api.w.org\/{rel}","templated":true}]}}