{"id":3990167,"date":"2026-04-21T00:59:27","date_gmt":"2026-04-20T22:59:27","guid":{"rendered":"https:\/\/streetmarkets.fr\/app\/produit\/portefeuille-norma-vernis-chocolat\/"},"modified":"2026-05-10T00:59:23","modified_gmt":"2026-05-09T22:59:23","slug":"portefeuille-norma-vernis-chocolat","status":"publish","type":"product","link":"https:\/\/streetmarkets.fr\/app\/produit\/portefeuille-norma-vernis-chocolat\/","title":{"rendered":"Portefeuille Norma Vernis Chocolat"},"content":{"rendered":"<p>Portefeuille Norma Vernis Chocolat : Le compagnon qui garde tout sous contr\u00f4le !\u00a0<br \/>Avec ce portefeuille on mise sur une pi\u00e8ce compacte, pratique et pleine de caract\u00e8re. Son cuir vernis chocolat lui donne une pr\u00e9sence affirm\u00e9e et il est facile \u00e0 glisser dans un sac. Ce mod\u00e8le \u00e0 rabat se ferme par un bouton pression, pour un geste simple et s\u00fbr au quotidien.<\/p>\n<p>\u00c0 l\u2019int\u00e9rieur, tout est pens\u00e9 pour nous simplifier la vie :<br data-start=\"454\" data-end=\"457\">une poche zipp\u00e9e \u00e0 droite pour la monnaie, 10 emplacements cartes bien align\u00e9s, trois poches plates au format du portefeuille pour ranger papiers et documents, et m\u00eame un emplacement plastifi\u00e9 pour garder une photo ou un petit souvenir \u00e0 port\u00e9e de main.<\/p>\n<p>On l\u2019adopte pour :<br data-start=\"924\" data-end=\"927\">\u2013 Son cuir vernis chocolat qui apporte du relief sans exag\u00e9ration.<br data-start=\"993\" data-end=\"996\">\u2013 Son int\u00e9rieur ultra organis\u00e9 avec 10 cartes + poches plates.<br data-start=\"1058\" data-end=\"1061\">\u2013 Son compartiment zipp\u00e9 pour la monnaie, bien pratique au quotidien.<br data-start=\"1200\" data-end=\"1203\">\u2013 Sa fabrication dans un atelier historique, gage de ma\u00eetrise et de durabilit\u00e9.<\/p>\n<p><\/p>\n","protected":false},"excerpt":{"rendered":"<p>Portefeuille Norma Vernis Chocolat : Le compagnon qui garde tout sous contr\u00f4le !\u00a0Avec ce portefeuille on mise sur une pi\u00e8ce compacte, pratique et pleine de caract\u00e8re. Son cuir vernis chocolat lui donne une pr\u00e9sence affirm\u00e9e et il est facile \u00e0 glisser dans un sac. Ce mod\u00e8le \u00e0 rabat se ferme par un bouton pression, pour [&hellip;]<\/p>\n","protected":false},"featured_media":3990168,"comment_status":"open","ping_status":"closed","template":"","meta":[],"product_brand":[],"product_cat":[],"product_tag":[],"acf":[],"_links":{"self":[{"href":"https:\/\/streetmarkets.fr\/app\/wp-json\/wp\/v2\/product\/3990167"}],"collection":[{"href":"https:\/\/streetmarkets.fr\/app\/wp-json\/wp\/v2\/product"}],"about":[{"href":"https:\/\/streetmarkets.fr\/app\/wp-json\/wp\/v2\/types\/product"}],"replies":[{"embeddable":true,"href":"https:\/\/streetmarkets.fr\/app\/wp-json\/wp\/v2\/comments?post=3990167"}],"wp:featuredmedia":[{"embeddable":true,"href":"https:\/\/streetmarkets.fr\/app\/wp-json\/wp\/v2\/media\/3990168"}],"wp:attachment":[{"href":"https:\/\/streetmarkets.fr\/app\/wp-json\/wp\/v2\/media?parent=3990167"}],"wp:term":[{"taxonomy":"product_brand","embeddable":true,"href":"https:\/\/streetmarkets.fr\/app\/wp-json\/wp\/v2\/product_brand?post=3990167"},{"taxonomy":"product_cat","embeddable":true,"href":"https:\/\/streetmarkets.fr\/app\/wp-json\/wp\/v2\/product_cat?post=3990167"},{"taxonomy":"product_tag","embeddable":true,"href":"https:\/\/streetmarkets.fr\/app\/wp-json\/wp\/v2\/product_tag?post=3990167"}],"curies":[{"name":"wp","href":"https:\/\/api.w.org\/{rel}","templated":true}]}}