{"id":3972607,"date":"2026-04-18T00:56:43","date_gmt":"2026-04-17T22:56:43","guid":{"rendered":"https:\/\/streetmarkets.fr\/app\/produit\/veste-hari-fuchsia\/"},"modified":"2026-05-06T00:56:37","modified_gmt":"2026-05-05T22:56:37","slug":"veste-hari-fuchsia","status":"publish","type":"product","link":"https:\/\/streetmarkets.fr\/app\/produit\/veste-hari-fuchsia\/","title":{"rendered":"Veste Hari Fuchsia"},"content":{"rendered":"<p>Loose et ultra confortables, nos vestes matelass\u00e9es Hari pour femme sont un incontournable de la saison ! Confectionn\u00e9es en coton matelass\u00e9, leur coupe teddy offre un style d\u00e9contract\u00e9 \u00e0 porter au quotidien, pour des looks toujours plus assum\u00e9s et color\u00e9s.<\/p>\n<ul>\n<li>Confectionn\u00e9 en Inde de mani\u00e8re artisanale avec des pigments naturels.\n<\/li>\n<li>Chaque pi\u00e8ce est unique, cette confection manuelle peut entra\u00eener de l\u00e9g\u00e8res variations de couleurs d&#8217;une s\u00e9rie \u00e0 l&#8217;autre et certaines &#8220;irr\u00e9gularit\u00e9s&#8221; dont nous aimons le charme \u2661<\/li>\n<li>En raison du proc\u00e9d\u00e9 de teinture naturelle utilis\u00e9e, les couleurs fonc\u00e9es peuvent parfois d\u00e9teindre par frottements sur les couleurs claires.<\/li>\n<li>Lavage 30\u00b0 en cycle d\u00e9licat avec des coloris similaires, pas d&#8217;agent blanchissant, pas de s\u00e8che-linge, repassage chaleur moyenne<\/li>\n<li>Fiez-vous aux photos de l\u2019article seul, \u00e0 plat, celles-ci se rapprochant au plus de la couleur r\u00e9elle.<\/li>\n<\/ul>\n","protected":false},"excerpt":{"rendered":"<p>Loose et ultra confortables, nos vestes matelass\u00e9es Hari pour femme sont un incontournable de la saison ! Confectionn\u00e9es en coton matelass\u00e9, leur coupe teddy offre un style d\u00e9contract\u00e9 \u00e0 porter au quotidien, pour des looks toujours plus assum\u00e9s et color\u00e9s. Confectionn\u00e9 en Inde de mani\u00e8re artisanale avec des pigments naturels. Chaque pi\u00e8ce est unique, cette [&hellip;]<\/p>\n","protected":false},"featured_media":3972608,"comment_status":"open","ping_status":"closed","template":"","meta":[],"product_brand":[],"product_cat":[],"product_tag":[],"acf":[],"_links":{"self":[{"href":"https:\/\/streetmarkets.fr\/app\/wp-json\/wp\/v2\/product\/3972607"}],"collection":[{"href":"https:\/\/streetmarkets.fr\/app\/wp-json\/wp\/v2\/product"}],"about":[{"href":"https:\/\/streetmarkets.fr\/app\/wp-json\/wp\/v2\/types\/product"}],"replies":[{"embeddable":true,"href":"https:\/\/streetmarkets.fr\/app\/wp-json\/wp\/v2\/comments?post=3972607"}],"wp:featuredmedia":[{"embeddable":true,"href":"https:\/\/streetmarkets.fr\/app\/wp-json\/wp\/v2\/media\/3972608"}],"wp:attachment":[{"href":"https:\/\/streetmarkets.fr\/app\/wp-json\/wp\/v2\/media?parent=3972607"}],"wp:term":[{"taxonomy":"product_brand","embeddable":true,"href":"https:\/\/streetmarkets.fr\/app\/wp-json\/wp\/v2\/product_brand?post=3972607"},{"taxonomy":"product_cat","embeddable":true,"href":"https:\/\/streetmarkets.fr\/app\/wp-json\/wp\/v2\/product_cat?post=3972607"},{"taxonomy":"product_tag","embeddable":true,"href":"https:\/\/streetmarkets.fr\/app\/wp-json\/wp\/v2\/product_tag?post=3972607"}],"curies":[{"name":"wp","href":"https:\/\/api.w.org\/{rel}","templated":true}]}}