{"id":3972509,"date":"2026-04-18T00:42:27","date_gmt":"2026-04-17T22:42:27","guid":{"rendered":"https:\/\/streetmarkets.fr\/app\/produit\/veste-workwear-en-moleskine-en-coton-bio-4m-5\/"},"modified":"2026-05-12T00:42:40","modified_gmt":"2026-05-11T22:42:40","slug":"veste-workwear-en-moleskine-en-coton-bio-4m-5","status":"publish","type":"product","link":"https:\/\/streetmarkets.fr\/app\/produit\/veste-workwear-en-moleskine-en-coton-bio-4m-5\/","title":{"rendered":"Veste Workwear en Moleskine en Coton Bio 4M\/5"},"content":{"rendered":"<p>Le bleu de travail en moleskine authentique fabriqu\u00e9e en France depuis 1927 par la marque familiale fran\u00e7aise V\u00e9tra en coton biologique.<\/p>\n<p>Veste authentique et iconique en tissu moleskine 100% coton biologique d\u00e9lav\u00e9e,<\/p>\n<p>5\u00a0boutons, 3 poches + 1 poche int\u00e9rieure.<\/p>\n<p class=\"MsoNormal\" style=\"text-align:justify\">V\u00e9tra : Le V\u00eatement de Travail Fran\u00e7ais Authentique, Depuis 1927.<\/p>\n<p class=\"MsoNormal\" style=\"text-align:justify\">Depuis sa fondation en 1927, V\u00e9tra perp\u00e9tue son h\u00e9ritage et son savoir-faire en fabriquant tous ses v\u00eatements embl\u00e9matiques dans son propre atelier. Parmi ceux-ci, la veste en moleskine occupe une place iconique, ayant \u00e9t\u00e9 port\u00e9e par de nombreux travailleurs avant d&#8217;\u00eatre supplant\u00e9e apr\u00e8s la guerre par les vestes en crois\u00e9.<\/p>\n<p class=\"MsoNormal\" style=\"text-align:justify\">La moleskine fran\u00e7aise, connue \u00e9galement sous le nom de &#8220;peau de taupe&#8221; en anglais, est un satin extr\u00eamement r\u00e9sistant gr\u00e2ce \u00e0 son grand nombre de duites (fils de trame). C&#8217;est un tissu embl\u00e9matique du v\u00eatement de travail fran\u00e7ais, et V\u00e9tra le propose depuis ses d\u00e9buts en 1927, et maintenant en 100% coton biologique.<\/p>\n<p class=\"MsoNormal\" style=\"text-align:justify\">V\u00e9tra a \u00e9galement \u00e9t\u00e9 la premi\u00e8re marque \u00e0 offrir une large gamme de couleurs pour ses vestes en moleskine, tout comme pour les vestes en crois\u00e9. En effet, les premi\u00e8res couleurs historiques \u00e9taient principalement le bleu et le noir, peu salissantes.<\/p>\n<p class=\"MsoNormal\" style=\"text-align:justify\">L&#8217;authenticit\u00e9 de la moleskine et le savoir-faire de V\u00e9tra en mati\u00e8re de sur-teinture ont m\u00eame inspir\u00e9 Le Coq Sportif pour sa ligne de chaussures en moleskine.<\/p>\n<p class=\"MsoNormal\" style=\"text-align:justify\">Choisissez V\u00e9tra pour ses v\u00eatements de travail fran\u00e7ais authentiques, fa\u00e7onn\u00e9s avec passion depuis des d\u00e9cennies, et d\u00e9couvrez la qualit\u00e9 in\u00e9gal\u00e9e de la moleskine et des autres tissus utilis\u00e9s par la marque.<\/p>\n","protected":false},"excerpt":{"rendered":"<p>Le bleu de travail en moleskine authentique fabriqu\u00e9e en France depuis 1927 par la marque familiale fran\u00e7aise V\u00e9tra en coton biologique. Veste authentique et iconique en tissu moleskine 100% coton biologique d\u00e9lav\u00e9e, 5\u00a0boutons, 3 poches + 1 poche int\u00e9rieure. V\u00e9tra : Le V\u00eatement de Travail Fran\u00e7ais Authentique, Depuis 1927. Depuis sa fondation en 1927, V\u00e9tra [&hellip;]<\/p>\n","protected":false},"featured_media":3972510,"comment_status":"open","ping_status":"closed","template":"","meta":[],"product_brand":[],"product_cat":[],"product_tag":[],"acf":[],"_links":{"self":[{"href":"https:\/\/streetmarkets.fr\/app\/wp-json\/wp\/v2\/product\/3972509"}],"collection":[{"href":"https:\/\/streetmarkets.fr\/app\/wp-json\/wp\/v2\/product"}],"about":[{"href":"https:\/\/streetmarkets.fr\/app\/wp-json\/wp\/v2\/types\/product"}],"replies":[{"embeddable":true,"href":"https:\/\/streetmarkets.fr\/app\/wp-json\/wp\/v2\/comments?post=3972509"}],"wp:featuredmedia":[{"embeddable":true,"href":"https:\/\/streetmarkets.fr\/app\/wp-json\/wp\/v2\/media\/3972510"}],"wp:attachment":[{"href":"https:\/\/streetmarkets.fr\/app\/wp-json\/wp\/v2\/media?parent=3972509"}],"wp:term":[{"taxonomy":"product_brand","embeddable":true,"href":"https:\/\/streetmarkets.fr\/app\/wp-json\/wp\/v2\/product_brand?post=3972509"},{"taxonomy":"product_cat","embeddable":true,"href":"https:\/\/streetmarkets.fr\/app\/wp-json\/wp\/v2\/product_cat?post=3972509"},{"taxonomy":"product_tag","embeddable":true,"href":"https:\/\/streetmarkets.fr\/app\/wp-json\/wp\/v2\/product_tag?post=3972509"}],"curies":[{"name":"wp","href":"https:\/\/api.w.org\/{rel}","templated":true}]}}