{"id":3965767,"date":"2026-04-16T20:05:52","date_gmt":"2026-04-16T18:05:52","guid":{"rendered":"https:\/\/streetmarkets.fr\/app\/produit\/mariniere-en-coton-armor-lux-taille-s\/"},"modified":"2026-05-11T20:05:45","modified_gmt":"2026-05-11T18:05:45","slug":"mariniere-en-coton-armor-lux-taille-s","status":"publish","type":"product","link":"https:\/\/streetmarkets.fr\/app\/produit\/mariniere-en-coton-armor-lux-taille-s\/","title":{"rendered":"Marini\u00e8re en coton Armor-Lux \u2022 Taille S"},"content":{"rendered":"<p>Marini\u00e8re en coton \u00e9crue \u00e0 rayures bleu marine Armor-Lux,<br \/>col rond.<\/p>\n<p>Marque : Armor-Lux<br \/>Composition : 100% coton<\/p>\n<p>Taille indiqu\u00e9e : S<br \/>Taille estim\u00e9e : correspond \u00e0 du S homme (peut convenir \u00e0 du S\/M pour un porter plus ample \u00e0 la femme)<br \/>Longueur (cm) : 65<br \/>Poitrine (cm) : 47<br \/>Epaules (cm) : 45<br \/>Manche, aisselle \u00e0 poignet (cm) : 52<\/p>\n<p>Etat : neuf avec \u00e9tiquette.<br \/>Merci de noter que les v\u00eatements ne sont pas neufs et qu\u2019ils peuvent porter l&#8217;usure d&#8217;une pi\u00e8ce de seconde main.<\/p>\n<p>Pour plus d&#8217;informations : <a title=\"Contactez-nous\" href=\"https:\/\/uniselection.fr\/pages\/contactez-nous\">contactez-nous<\/a>.<\/p>\n","protected":false},"excerpt":{"rendered":"<p>Marini\u00e8re en coton \u00e9crue \u00e0 rayures bleu marine Armor-Lux,col rond. Marque : Armor-LuxComposition : 100% coton Taille indiqu\u00e9e : STaille estim\u00e9e : correspond \u00e0 du S homme (peut convenir \u00e0 du S\/M pour un porter plus ample \u00e0 la femme)Longueur (cm) : 65Poitrine (cm) : 47Epaules (cm) : 45Manche, aisselle \u00e0 poignet (cm) : 52 [&hellip;]<\/p>\n","protected":false},"featured_media":3965768,"comment_status":"open","ping_status":"closed","template":"","meta":[],"product_brand":[],"product_cat":[],"product_tag":[],"acf":[],"_links":{"self":[{"href":"https:\/\/streetmarkets.fr\/app\/wp-json\/wp\/v2\/product\/3965767"}],"collection":[{"href":"https:\/\/streetmarkets.fr\/app\/wp-json\/wp\/v2\/product"}],"about":[{"href":"https:\/\/streetmarkets.fr\/app\/wp-json\/wp\/v2\/types\/product"}],"replies":[{"embeddable":true,"href":"https:\/\/streetmarkets.fr\/app\/wp-json\/wp\/v2\/comments?post=3965767"}],"wp:featuredmedia":[{"embeddable":true,"href":"https:\/\/streetmarkets.fr\/app\/wp-json\/wp\/v2\/media\/3965768"}],"wp:attachment":[{"href":"https:\/\/streetmarkets.fr\/app\/wp-json\/wp\/v2\/media?parent=3965767"}],"wp:term":[{"taxonomy":"product_brand","embeddable":true,"href":"https:\/\/streetmarkets.fr\/app\/wp-json\/wp\/v2\/product_brand?post=3965767"},{"taxonomy":"product_cat","embeddable":true,"href":"https:\/\/streetmarkets.fr\/app\/wp-json\/wp\/v2\/product_cat?post=3965767"},{"taxonomy":"product_tag","embeddable":true,"href":"https:\/\/streetmarkets.fr\/app\/wp-json\/wp\/v2\/product_tag?post=3965767"}],"curies":[{"name":"wp","href":"https:\/\/api.w.org\/{rel}","templated":true}]}}