{"id":3965679,"date":"2026-04-16T20:05:47","date_gmt":"2026-04-16T18:05:47","guid":{"rendered":"https:\/\/streetmarkets.fr\/app\/produit\/jean-levis-881-orange-tab-vintage-t36-38\/"},"modified":"2026-05-09T20:05:54","modified_gmt":"2026-05-09T18:05:54","slug":"jean-levis-881-orange-tab-vintage-t36-38","status":"publish","type":"product","link":"https:\/\/streetmarkets.fr\/app\/produit\/jean-levis-881-orange-tab-vintage-t36-38\/","title":{"rendered":"Jean Levi&#8217;s 881 orange tab vintage \u2022 T36\/38"},"content":{"rendered":"<p>Jean 881 Levi&#8217;s bleu clair vintage,\u00a0<br data-mce-fragment=\"1\">coupe fusel\u00e9e, taille haute, fermeture \u00e9clair.<br data-mce-fragment=\"1\"><br data-mce-fragment=\"1\">Marque : Levi&#8217;s<br data-mce-fragment=\"1\">Composition : 100% coton<br \/>Circa : 1996<br data-mce-fragment=\"1\"><br data-mce-fragment=\"1\">Taille indiqu\u00e9e : W31<br data-mce-fragment=\"1\">Taille estim\u00e9e : 36\/38FR<br \/>Taille (cm): 36<br \/>Hanches (cm): 50<br \/>Longueur int\u00e9rieur (cm): 64<br \/>Cuisse (cm): 30<br \/>Bas (cm): 18<br data-mce-fragment=\"1\"><br data-mce-fragment=\"1\">\u00c9tat : tr\u00e8s bon.<br data-mce-fragment=\"1\">Merci de noter que les v\u00eatements ne sont pas neufs et qu\u2019ils peuvent porter l&#8217;usure d&#8217;une pi\u00e8ce de seconde main.<\/p>\n<p>Pour plus d&#8217;informations : <a href=\"https:\/\/uniselection.fr\/pages\/contactez-nous\">contactez-nous<\/a>.<\/p>\n","protected":false},"excerpt":{"rendered":"<p>Jean 881 Levi&#8217;s bleu clair vintage,\u00a0coupe fusel\u00e9e, taille haute, fermeture \u00e9clair.Marque : Levi&#8217;sComposition : 100% cotonCirca : 1996Taille indiqu\u00e9e : W31Taille estim\u00e9e : 36\/38FRTaille (cm): 36Hanches (cm): 50Longueur int\u00e9rieur (cm): 64Cuisse (cm): 30Bas (cm): 18\u00c9tat : tr\u00e8s bon.Merci de noter que les v\u00eatements ne sont pas neufs et qu\u2019ils peuvent porter l&#8217;usure d&#8217;une pi\u00e8ce de [&hellip;]<\/p>\n","protected":false},"featured_media":3965680,"comment_status":"open","ping_status":"closed","template":"","meta":[],"product_brand":[1230],"product_cat":[],"product_tag":[],"acf":[],"_links":{"self":[{"href":"https:\/\/streetmarkets.fr\/app\/wp-json\/wp\/v2\/product\/3965679"}],"collection":[{"href":"https:\/\/streetmarkets.fr\/app\/wp-json\/wp\/v2\/product"}],"about":[{"href":"https:\/\/streetmarkets.fr\/app\/wp-json\/wp\/v2\/types\/product"}],"replies":[{"embeddable":true,"href":"https:\/\/streetmarkets.fr\/app\/wp-json\/wp\/v2\/comments?post=3965679"}],"wp:featuredmedia":[{"embeddable":true,"href":"https:\/\/streetmarkets.fr\/app\/wp-json\/wp\/v2\/media\/3965680"}],"wp:attachment":[{"href":"https:\/\/streetmarkets.fr\/app\/wp-json\/wp\/v2\/media?parent=3965679"}],"wp:term":[{"taxonomy":"product_brand","embeddable":true,"href":"https:\/\/streetmarkets.fr\/app\/wp-json\/wp\/v2\/product_brand?post=3965679"},{"taxonomy":"product_cat","embeddable":true,"href":"https:\/\/streetmarkets.fr\/app\/wp-json\/wp\/v2\/product_cat?post=3965679"},{"taxonomy":"product_tag","embeddable":true,"href":"https:\/\/streetmarkets.fr\/app\/wp-json\/wp\/v2\/product_tag?post=3965679"}],"curies":[{"name":"wp","href":"https:\/\/api.w.org\/{rel}","templated":true}]}}