{"id":3954353,"date":"2026-04-15T01:16:18","date_gmt":"2026-04-14T23:16:18","guid":{"rendered":"https:\/\/streetmarkets.fr\/app\/produit\/boucles-doreilles-cosmos\/"},"modified":"2026-05-11T01:15:05","modified_gmt":"2026-05-10T23:15:05","slug":"boucles-doreilles-cosmos","status":"publish","type":"product","link":"https:\/\/streetmarkets.fr\/app\/produit\/boucles-doreilles-cosmos\/","title":{"rendered":"Boucles d&#8217;oreilles Cosmos"},"content":{"rendered":"<div id=\"product-description-short-41\" class=\"rte-content\">\n<div id=\"product-description-short-123\" class=\"rte-content\">\n<p><strong><a href=\"\/collections\/coucou-suzette\" title=\"Collection Coucou Suzette\">Collection Coucou Suzette<\/a><\/strong><\/p>\n<p style=\"font-weight: 400\"><span>De magnifiques boucles d\u2019oreilles cosmos qui accompagnent nos looks des plus formels aux plus d\u00e9contract\u00e9s. On est amoureuses de ces grandes fleurs roses p\u00e2le d\u00e9cor\u00e9es \u00e0 l\u2019encre dor\u00e9e, qui se baladent joyeusement \u00e0 nos oreilles.<\/span><\/p>\n<ul>\n<li><em><span>\u00a0Composition : ac\u00e9tate de cellulose<\/span><\/em><\/li>\n<li>\n<em>Chaque cr\u00e9ation est unique, la couleur peut varier l\u00e9g\u00e8rement selon le morceau d&#8217;ac\u00e9tate utilis\u00e9<\/em><em><span><\/span><\/em>\n<\/li>\n<li><em>Tiges hypoallerg\u00e9niques en acier inoxydable<\/em><\/li>\n<li><em>Couche d&#8217;or 3 microns<\/em><\/li>\n<li><em>Type d\u2019attache : anneau<\/em><\/li>\n<li>\n<em>Conseils d\u2019utilisation : \u00e9viter le contact avec l\u2019eau<\/em><em><\/em>\n<\/li>\n<li><em><span>Fabriqu\u00e9e en Chine dans une usine audit\u00e9e<\/span><\/em><\/li>\n<\/ul>\n<p>Dimensions : environ 3 x 3 cm<\/p>\n<\/div>\n<\/div>\n","protected":false},"excerpt":{"rendered":"<p>Collection Coucou Suzette De magnifiques boucles d\u2019oreilles cosmos qui accompagnent nos looks des plus formels aux plus d\u00e9contract\u00e9s. On est amoureuses de ces grandes fleurs roses p\u00e2le d\u00e9cor\u00e9es \u00e0 l\u2019encre dor\u00e9e, qui se baladent joyeusement \u00e0 nos oreilles. \u00a0Composition : ac\u00e9tate de cellulose Chaque cr\u00e9ation est unique, la couleur peut varier l\u00e9g\u00e8rement selon le morceau [&hellip;]<\/p>\n","protected":false},"featured_media":3954354,"comment_status":"open","ping_status":"closed","template":"","meta":[],"product_brand":[],"product_cat":[],"product_tag":[],"acf":[],"_links":{"self":[{"href":"https:\/\/streetmarkets.fr\/app\/wp-json\/wp\/v2\/product\/3954353"}],"collection":[{"href":"https:\/\/streetmarkets.fr\/app\/wp-json\/wp\/v2\/product"}],"about":[{"href":"https:\/\/streetmarkets.fr\/app\/wp-json\/wp\/v2\/types\/product"}],"replies":[{"embeddable":true,"href":"https:\/\/streetmarkets.fr\/app\/wp-json\/wp\/v2\/comments?post=3954353"}],"wp:featuredmedia":[{"embeddable":true,"href":"https:\/\/streetmarkets.fr\/app\/wp-json\/wp\/v2\/media\/3954354"}],"wp:attachment":[{"href":"https:\/\/streetmarkets.fr\/app\/wp-json\/wp\/v2\/media?parent=3954353"}],"wp:term":[{"taxonomy":"product_brand","embeddable":true,"href":"https:\/\/streetmarkets.fr\/app\/wp-json\/wp\/v2\/product_brand?post=3954353"},{"taxonomy":"product_cat","embeddable":true,"href":"https:\/\/streetmarkets.fr\/app\/wp-json\/wp\/v2\/product_cat?post=3954353"},{"taxonomy":"product_tag","embeddable":true,"href":"https:\/\/streetmarkets.fr\/app\/wp-json\/wp\/v2\/product_tag?post=3954353"}],"curies":[{"name":"wp","href":"https:\/\/api.w.org\/{rel}","templated":true}]}}