{"id":3954346,"date":"2026-04-15T01:13:55","date_gmt":"2026-04-14T23:13:55","guid":{"rendered":"https:\/\/streetmarkets.fr\/app\/produit\/chaussettes-crabe\/"},"modified":"2026-05-11T01:13:07","modified_gmt":"2026-05-10T23:13:07","slug":"chaussettes-crabe","status":"publish","type":"product","link":"https:\/\/streetmarkets.fr\/app\/produit\/chaussettes-crabe\/","title":{"rendered":"Chaussettes Crabe"},"content":{"rendered":"<p class=\"p1\"><a title=\"Collection Coucou Suzette\" href=\"\/collections\/coucou-suzette\"><strong>Collection Coucou Suzette<\/strong><\/a><\/p>\n<p><span>Des chaussettes originales couleur vert d\u2019eau au motif d&#8217;adorables crabes \u00e0 paillettes ! Hyper confortables gr\u00e2ce \u00e0 leur coton douillet, elles nous accompagnent avec joie dans toutes nos balades estivales.<\/span><\/p>\n<ul>\n<li>\n <em>Chaussettes en coton certifi\u00e9 OEKO-TEX\u00ae\ufe0f standard 100 39%, Polyester 60%, Elasthanne 1%<\/em>\n<\/li>\n<li><em>Mixtes &#8211; Taille unique (du 35 au 42)<\/em><\/li>\n<li><em>Conseils d\u2019entretien\u00a0: laver \u00e0 l\u2019envers \u00e0 30\u00b0<\/em><\/li>\n<li><em>Fabriqu\u00e9es en Chine<\/em><\/li>\n<\/ul>\n","protected":false},"excerpt":{"rendered":"<p>Collection Coucou Suzette Des chaussettes originales couleur vert d\u2019eau au motif d&#8217;adorables crabes \u00e0 paillettes ! Hyper confortables gr\u00e2ce \u00e0 leur coton douillet, elles nous accompagnent avec joie dans toutes nos balades estivales. Chaussettes en coton certifi\u00e9 OEKO-TEX\u00ae\ufe0f standard 100 39%, Polyester 60%, Elasthanne 1% Mixtes &#8211; Taille unique (du 35 au 42) Conseils d\u2019entretien\u00a0: [&hellip;]<\/p>\n","protected":false},"featured_media":3954347,"comment_status":"open","ping_status":"closed","template":"","meta":[],"product_brand":[],"product_cat":[],"product_tag":[],"acf":[],"_links":{"self":[{"href":"https:\/\/streetmarkets.fr\/app\/wp-json\/wp\/v2\/product\/3954346"}],"collection":[{"href":"https:\/\/streetmarkets.fr\/app\/wp-json\/wp\/v2\/product"}],"about":[{"href":"https:\/\/streetmarkets.fr\/app\/wp-json\/wp\/v2\/types\/product"}],"replies":[{"embeddable":true,"href":"https:\/\/streetmarkets.fr\/app\/wp-json\/wp\/v2\/comments?post=3954346"}],"wp:featuredmedia":[{"embeddable":true,"href":"https:\/\/streetmarkets.fr\/app\/wp-json\/wp\/v2\/media\/3954347"}],"wp:attachment":[{"href":"https:\/\/streetmarkets.fr\/app\/wp-json\/wp\/v2\/media?parent=3954346"}],"wp:term":[{"taxonomy":"product_brand","embeddable":true,"href":"https:\/\/streetmarkets.fr\/app\/wp-json\/wp\/v2\/product_brand?post=3954346"},{"taxonomy":"product_cat","embeddable":true,"href":"https:\/\/streetmarkets.fr\/app\/wp-json\/wp\/v2\/product_cat?post=3954346"},{"taxonomy":"product_tag","embeddable":true,"href":"https:\/\/streetmarkets.fr\/app\/wp-json\/wp\/v2\/product_tag?post=3954346"}],"curies":[{"name":"wp","href":"https:\/\/api.w.org\/{rel}","templated":true}]}}