{"id":3946082,"date":"2026-04-14T00:58:23","date_gmt":"2026-04-13T22:58:23","guid":{"rendered":"https:\/\/streetmarkets.fr\/app\/produit\/boucles-doreilles-pasteques\/"},"modified":"2026-05-12T00:58:37","modified_gmt":"2026-05-11T22:58:37","slug":"boucles-doreilles-pasteques","status":"publish","type":"product","link":"https:\/\/streetmarkets.fr\/app\/produit\/boucles-doreilles-pasteques\/","title":{"rendered":"Boucles d&#8217;oreilles Past\u00e8ques"},"content":{"rendered":"<p data-start=\"141\" data-end=\"211\" class=\"\">Boucles d\u2019oreilles Past\u00e8que : Le pep\u2019s fruit\u00e9 qui booste nos looks<br \/>On craque sans h\u00e9siter pour ces<strong> <\/strong>boucles d\u2019oreilles fa\u00e7on cr\u00e9oles en laiton dor\u00e9 \u00e0 l\u2019or fin, twist\u00e9es par une touche fruit\u00e9e pleine de fra\u00eecheur : de jolies parts de past\u00e8ques<strong data-start=\"366\" data-end=\"403\"> <\/strong>nacr\u00e9es, en ac\u00e9tate l\u00e9ger, aux couleurs rose vibrant et vert intense. C\u2019est fun, c\u2019est frais, et c\u2019est tout ce qu\u2019on aime.<\/p>\n<p data-start=\"524\" data-end=\"727\" class=\"\">Ultra l\u00e9g\u00e8res \u00e0 porter, elles ajoutent une bonne dose de soleil et de bonne humeur \u00e0 nos tenues, de jour comme de nuit. Une<strong> <\/strong>pi\u00e8ce originale qui attire les regards et donne du go\u00fbt \u00e0 notre style !<\/p>\n<p data-start=\"729\" data-end=\"968\" class=\"\">Les d\u00e9tails qu\u2019on adore<strong data-start=\"729\" data-end=\"758\"> <\/strong>:<br data-start=\"758\" data-end=\"761\">\u2013 Laiton dor\u00e9 \u00e0 l\u2019or fin 24 carats<br data-start=\"795\" data-end=\"798\">\u2013 Pendentifs past\u00e8que en ac\u00e9tate nacr\u00e9<br data-start=\"836\" data-end=\"839\">\u2013 Couleurs \u00e9clatantes : rose framboise et vert gazon<br data-start=\"891\" data-end=\"894\">\u2013 Fermoir discret et confortable<br data-start=\"926\" data-end=\"929\">\u2013 Bijou fruit\u00e9, pile dans la tendance<\/p>\n<p data-start=\"970\" data-end=\"1075\" class=\"\">Des boucles d\u2019oreilles aussi cool que nos envies d\u2019\u00e9t\u00e9, \u00e0 adopter d\u00e8s les premiers rayons de soleil !<\/p>\n","protected":false},"excerpt":{"rendered":"<p>Boucles d\u2019oreilles Past\u00e8que : Le pep\u2019s fruit\u00e9 qui booste nos looksOn craque sans h\u00e9siter pour ces boucles d\u2019oreilles fa\u00e7on cr\u00e9oles en laiton dor\u00e9 \u00e0 l\u2019or fin, twist\u00e9es par une touche fruit\u00e9e pleine de fra\u00eecheur : de jolies parts de past\u00e8ques nacr\u00e9es, en ac\u00e9tate l\u00e9ger, aux couleurs rose vibrant et vert intense. C\u2019est fun, c\u2019est frais, [&hellip;]<\/p>\n","protected":false},"featured_media":3946083,"comment_status":"open","ping_status":"closed","template":"","meta":[],"product_brand":[],"product_cat":[],"product_tag":[],"acf":[],"_links":{"self":[{"href":"https:\/\/streetmarkets.fr\/app\/wp-json\/wp\/v2\/product\/3946082"}],"collection":[{"href":"https:\/\/streetmarkets.fr\/app\/wp-json\/wp\/v2\/product"}],"about":[{"href":"https:\/\/streetmarkets.fr\/app\/wp-json\/wp\/v2\/types\/product"}],"replies":[{"embeddable":true,"href":"https:\/\/streetmarkets.fr\/app\/wp-json\/wp\/v2\/comments?post=3946082"}],"wp:featuredmedia":[{"embeddable":true,"href":"https:\/\/streetmarkets.fr\/app\/wp-json\/wp\/v2\/media\/3946083"}],"wp:attachment":[{"href":"https:\/\/streetmarkets.fr\/app\/wp-json\/wp\/v2\/media?parent=3946082"}],"wp:term":[{"taxonomy":"product_brand","embeddable":true,"href":"https:\/\/streetmarkets.fr\/app\/wp-json\/wp\/v2\/product_brand?post=3946082"},{"taxonomy":"product_cat","embeddable":true,"href":"https:\/\/streetmarkets.fr\/app\/wp-json\/wp\/v2\/product_cat?post=3946082"},{"taxonomy":"product_tag","embeddable":true,"href":"https:\/\/streetmarkets.fr\/app\/wp-json\/wp\/v2\/product_tag?post=3946082"}],"curies":[{"name":"wp","href":"https:\/\/api.w.org\/{rel}","templated":true}]}}