{"id":3946063,"date":"2026-04-14T00:58:21","date_gmt":"2026-04-13T22:58:21","guid":{"rendered":"https:\/\/streetmarkets.fr\/app\/produit\/bijoux-de-main-houda\/"},"modified":"2026-05-03T00:58:30","modified_gmt":"2026-05-02T22:58:30","slug":"bijoux-de-main-houda","status":"publish","type":"product","link":"https:\/\/streetmarkets.fr\/app\/produit\/bijoux-de-main-houda\/","title":{"rendered":"Bijoux de Main Houda"},"content":{"rendered":"<p data-start=\"75\" data-end=\"120\">Le bracelet qui fait parler les mains.\u00a0On sort des sentiers battus avec ce bijou de main aussi styl\u00e9 que surprenant !<\/p>\n<p data-start=\"75\" data-end=\"120\">Fabriqu\u00e9 dans un atelier parisien, ce bracelet original relie le poignet \u00e0 un doigt gr\u00e2ce \u00e0 une fine cha\u00eene en plaqu\u00e9 or. Sur le dos de la main, une barrette martel\u00e9e capte la lumi\u00e8re et attire tous les regards.<\/p>\n<p data-start=\"414\" data-end=\"627\" class=\"\">\u00c0 la fois d\u00e9licat et audacieux, il casse les codes des bijoux trop classiques. Id\u00e9al pour upgrader un look en un seul geste, il devient vite <em data-start=\"558\" data-end=\"562\">la<\/em> pi\u00e8ce signature qu&#8217;on n\u2019attendait pas mais qu\u2019on ne quitte plus.<\/p>\n<p data-start=\"629\" data-end=\"741\" class=\"\">On aime : son c\u00f4t\u00e9 bijou couture, son allure minimaliste, et ce petit effet wahou d\u00e8s qu\u2019on bouge les mains !<\/p>\n","protected":false},"excerpt":{"rendered":"<p>Le bracelet qui fait parler les mains.\u00a0On sort des sentiers battus avec ce bijou de main aussi styl\u00e9 que surprenant ! Fabriqu\u00e9 dans un atelier parisien, ce bracelet original relie le poignet \u00e0 un doigt gr\u00e2ce \u00e0 une fine cha\u00eene en plaqu\u00e9 or. Sur le dos de la main, une barrette martel\u00e9e capte la lumi\u00e8re [&hellip;]<\/p>\n","protected":false},"featured_media":3946064,"comment_status":"open","ping_status":"closed","template":"","meta":[],"product_brand":[],"product_cat":[],"product_tag":[],"acf":[],"_links":{"self":[{"href":"https:\/\/streetmarkets.fr\/app\/wp-json\/wp\/v2\/product\/3946063"}],"collection":[{"href":"https:\/\/streetmarkets.fr\/app\/wp-json\/wp\/v2\/product"}],"about":[{"href":"https:\/\/streetmarkets.fr\/app\/wp-json\/wp\/v2\/types\/product"}],"replies":[{"embeddable":true,"href":"https:\/\/streetmarkets.fr\/app\/wp-json\/wp\/v2\/comments?post=3946063"}],"wp:featuredmedia":[{"embeddable":true,"href":"https:\/\/streetmarkets.fr\/app\/wp-json\/wp\/v2\/media\/3946064"}],"wp:attachment":[{"href":"https:\/\/streetmarkets.fr\/app\/wp-json\/wp\/v2\/media?parent=3946063"}],"wp:term":[{"taxonomy":"product_brand","embeddable":true,"href":"https:\/\/streetmarkets.fr\/app\/wp-json\/wp\/v2\/product_brand?post=3946063"},{"taxonomy":"product_cat","embeddable":true,"href":"https:\/\/streetmarkets.fr\/app\/wp-json\/wp\/v2\/product_cat?post=3946063"},{"taxonomy":"product_tag","embeddable":true,"href":"https:\/\/streetmarkets.fr\/app\/wp-json\/wp\/v2\/product_tag?post=3946063"}],"curies":[{"name":"wp","href":"https:\/\/api.w.org\/{rel}","templated":true}]}}