{"id":3934286,"date":"2026-04-12T00:59:18","date_gmt":"2026-04-11T22:59:18","guid":{"rendered":"https:\/\/streetmarkets.fr\/app\/produit\/boucles-doreilles-essentiel-torsade\/"},"modified":"2026-05-08T00:59:24","modified_gmt":"2026-05-07T22:59:24","slug":"boucles-doreilles-essentiel-torsade","status":"publish","type":"product","link":"https:\/\/streetmarkets.fr\/app\/produit\/boucles-doreilles-essentiel-torsade\/","title":{"rendered":"Boucles d&#8217;Oreilles Essentiel Torsade"},"content":{"rendered":"<p data-start=\"0\" data-end=\"77\">Boucles d\u2019Oreilles Essentiel Torsad\u00e9 : Le mouvement au creux de l\u2019oreille !\u00a0<br \/>Cette paire s\u2019inspire de l\u2019univers de la danse moderne et de la libert\u00e9 incarn\u00e9e par Isadora Duncan. Une collection pens\u00e9e autour du mouvement, de la fluidit\u00e9 et de ces gestes libres qui ont marqu\u00e9 son style.<\/p>\n<p data-start=\"293\" data-end=\"560\">Le design repose sur deux anneaux torsad\u00e9s en laiton dor\u00e9 \u00e0 l\u2019or fin, de tailles diff\u00e9rentes. Le plus petit est fix\u00e9 \u00e0 l\u2019oreille, tandis que le second, plus grand, s\u2019entrelace et reste suspendu, ce qui lui permet de bouger l\u00e9g\u00e8rement au rythme des mouvements.<\/p>\n<p data-start=\"926\" data-end=\"1155\">Les raisons de leur succ\u00e8s :<br data-start=\"954\" data-end=\"957\">\u2022 les deux anneaux torsad\u00e9s de tailles diff\u00e9rentes<br data-start=\"1011\" data-end=\"1014\">\u2022 leur jeu d\u2019entrelacement plein de mouvement<br data-start=\"1063\" data-end=\"1066\">\u2022 le grand anneau suspendu qui reste mobile<br data-start=\"1113\" data-end=\"1116\">\u2022 leur inspiration danse et libert\u00e9<\/p>\n<p data-start=\"1326\" data-end=\"1402\" data-is-last-node=\"\" data-is-only-node=\"\">\u00a0<\/p>\n","protected":false},"excerpt":{"rendered":"<p>Boucles d\u2019Oreilles Essentiel Torsad\u00e9 : Le mouvement au creux de l\u2019oreille !\u00a0Cette paire s\u2019inspire de l\u2019univers de la danse moderne et de la libert\u00e9 incarn\u00e9e par Isadora Duncan. Une collection pens\u00e9e autour du mouvement, de la fluidit\u00e9 et de ces gestes libres qui ont marqu\u00e9 son style. Le design repose sur deux anneaux torsad\u00e9s en [&hellip;]<\/p>\n","protected":false},"featured_media":3934287,"comment_status":"open","ping_status":"closed","template":"","meta":[],"product_brand":[],"product_cat":[],"product_tag":[],"acf":[],"_links":{"self":[{"href":"https:\/\/streetmarkets.fr\/app\/wp-json\/wp\/v2\/product\/3934286"}],"collection":[{"href":"https:\/\/streetmarkets.fr\/app\/wp-json\/wp\/v2\/product"}],"about":[{"href":"https:\/\/streetmarkets.fr\/app\/wp-json\/wp\/v2\/types\/product"}],"replies":[{"embeddable":true,"href":"https:\/\/streetmarkets.fr\/app\/wp-json\/wp\/v2\/comments?post=3934286"}],"wp:featuredmedia":[{"embeddable":true,"href":"https:\/\/streetmarkets.fr\/app\/wp-json\/wp\/v2\/media\/3934287"}],"wp:attachment":[{"href":"https:\/\/streetmarkets.fr\/app\/wp-json\/wp\/v2\/media?parent=3934286"}],"wp:term":[{"taxonomy":"product_brand","embeddable":true,"href":"https:\/\/streetmarkets.fr\/app\/wp-json\/wp\/v2\/product_brand?post=3934286"},{"taxonomy":"product_cat","embeddable":true,"href":"https:\/\/streetmarkets.fr\/app\/wp-json\/wp\/v2\/product_cat?post=3934286"},{"taxonomy":"product_tag","embeddable":true,"href":"https:\/\/streetmarkets.fr\/app\/wp-json\/wp\/v2\/product_tag?post=3934286"}],"curies":[{"name":"wp","href":"https:\/\/api.w.org\/{rel}","templated":true}]}}