{"id":3934273,"date":"2026-04-12T00:59:08","date_gmt":"2026-04-11T22:59:08","guid":{"rendered":"https:\/\/streetmarkets.fr\/app\/produit\/boucles-doreilles-cymodocee-corail\/"},"modified":"2026-05-17T00:59:07","modified_gmt":"2026-05-16T22:59:07","slug":"boucles-doreilles-cymodocee-corail","status":"publish","type":"product","link":"https:\/\/streetmarkets.fr\/app\/produit\/boucles-doreilles-cymodocee-corail\/","title":{"rendered":"Boucles d&#8217;Oreilles Cymodoc\u00e9e Corail"},"content":{"rendered":"<p>Boucles d\u2019Oreilles Cymodoc\u00e9e Corail : Des fleurs grav\u00e9es et un pop de corail !\u00a0<br \/>Quand des fleurs d\u00e9licatement grav\u00e9es rencontrent une couleur corail pleine d\u2019\u00e9nergie, le r\u00e9sultat donne ces boucles Cymodoc\u00e9e. Un m\u00e9lange entre inspiration v\u00e9g\u00e9tale et silhouette graphique qui fonctionne \u00e0 merveille.<\/p>\n<p>La boucle commence par une dormeuse en laiton dor\u00e9 \u00e0 l\u2019or fin 24 carats, suivie d\u2019une pi\u00e8ce dor\u00e9e grav\u00e9e de fleurs. Celle-ci se replie pour former un petit anneau, dans lequel vient s\u2019ins\u00e9rer un cercle en ac\u00e9tate corail, ajour\u00e9 en son centre et l\u00e9g\u00e8rement \u00e9largi vers le milieu.<\/p>\n<p>Le contraste entre le dor\u00e9 travaill\u00e9 et la couleur corail\u00a0donne une paire de boucles pleine de caract\u00e8re, avec un esprit \u00e0 la fois floral et marin. Des boucles sculpturales inspir\u00e9es de l\u2019univers des nymphes marines, revisit\u00e9es en version tr\u00e8s mode.<\/p>\n<p>Elles sont fabriqu\u00e9es en France, de la conception jusqu\u2019\u00e0 la dorure, avec un v\u00e9ritable savoir-faire artisanal.<br \/>Pour qu\u2019elles gardent longtemps leur \u00e9clat, on \u00e9vite de vaporiser du parfum directement dessus et on les tient \u00e0 l\u2019\u00e9cart des produits comme le savon ou les d\u00e9tergents.<\/p>\n","protected":false},"excerpt":{"rendered":"<p>Boucles d\u2019Oreilles Cymodoc\u00e9e Corail : Des fleurs grav\u00e9es et un pop de corail !\u00a0Quand des fleurs d\u00e9licatement grav\u00e9es rencontrent une couleur corail pleine d\u2019\u00e9nergie, le r\u00e9sultat donne ces boucles Cymodoc\u00e9e. Un m\u00e9lange entre inspiration v\u00e9g\u00e9tale et silhouette graphique qui fonctionne \u00e0 merveille. La boucle commence par une dormeuse en laiton dor\u00e9 \u00e0 l\u2019or fin 24 [&hellip;]<\/p>\n","protected":false},"featured_media":3934274,"comment_status":"open","ping_status":"closed","template":"","meta":[],"product_brand":[],"product_cat":[],"product_tag":[],"acf":[],"_links":{"self":[{"href":"https:\/\/streetmarkets.fr\/app\/wp-json\/wp\/v2\/product\/3934273"}],"collection":[{"href":"https:\/\/streetmarkets.fr\/app\/wp-json\/wp\/v2\/product"}],"about":[{"href":"https:\/\/streetmarkets.fr\/app\/wp-json\/wp\/v2\/types\/product"}],"replies":[{"embeddable":true,"href":"https:\/\/streetmarkets.fr\/app\/wp-json\/wp\/v2\/comments?post=3934273"}],"wp:featuredmedia":[{"embeddable":true,"href":"https:\/\/streetmarkets.fr\/app\/wp-json\/wp\/v2\/media\/3934274"}],"wp:attachment":[{"href":"https:\/\/streetmarkets.fr\/app\/wp-json\/wp\/v2\/media?parent=3934273"}],"wp:term":[{"taxonomy":"product_brand","embeddable":true,"href":"https:\/\/streetmarkets.fr\/app\/wp-json\/wp\/v2\/product_brand?post=3934273"},{"taxonomy":"product_cat","embeddable":true,"href":"https:\/\/streetmarkets.fr\/app\/wp-json\/wp\/v2\/product_cat?post=3934273"},{"taxonomy":"product_tag","embeddable":true,"href":"https:\/\/streetmarkets.fr\/app\/wp-json\/wp\/v2\/product_tag?post=3934273"}],"curies":[{"name":"wp","href":"https:\/\/api.w.org\/{rel}","templated":true}]}}