{"id":3929131,"date":"2026-04-11T02:05:57","date_gmt":"2026-04-11T00:05:57","guid":{"rendered":"https:\/\/streetmarkets.fr\/app\/produit\/nouveau-xirena-robe-maggie-dusty-pink-stripe-precommande\/"},"modified":"2026-05-06T02:05:22","modified_gmt":"2026-05-06T00:05:22","slug":"nouveau-xirena-robe-maggie-dusty-pink-stripe-precommande","status":"publish","type":"product","link":"https:\/\/streetmarkets.fr\/app\/produit\/nouveau-xirena-robe-maggie-dusty-pink-stripe-precommande\/","title":{"rendered":"Nouveau ! XIRENA Robe Maggie Dusty Pink Stripe PR\u00c9COMMANDE !"},"content":{"rendered":"<p data-rte-preserve-empty=\"true\">PR\u00c9COMMANDE ! LIVRAISON D\u00c9BUT MAI ! <\/p>\n<p data-rte-preserve-empty=\"true\">Robe midi \u00e0 rayures, nou\u00e9e dans le dos, d\u00e9collet\u00e9 v, coupe \u00e9vas\u00e9e, pliss\u00e9 \u00e0 la poitrine, dos nu. <\/p>\n<p data-rte-preserve-empty=\"true\">D\u00e9tail : 78% viscose, 22% lin <\/p>\n","protected":false},"excerpt":{"rendered":"<p>PR\u00c9COMMANDE ! LIVRAISON D\u00c9BUT MAI ! Robe midi \u00e0 rayures, nou\u00e9e dans le dos, d\u00e9collet\u00e9 v, coupe \u00e9vas\u00e9e, pliss\u00e9 \u00e0 la poitrine, dos nu. D\u00e9tail : 78% viscose, 22% lin<\/p>\n","protected":false},"featured_media":3929132,"comment_status":"open","ping_status":"closed","template":"","meta":[],"product_brand":[],"product_cat":[],"product_tag":[],"acf":[],"_links":{"self":[{"href":"https:\/\/streetmarkets.fr\/app\/wp-json\/wp\/v2\/product\/3929131"}],"collection":[{"href":"https:\/\/streetmarkets.fr\/app\/wp-json\/wp\/v2\/product"}],"about":[{"href":"https:\/\/streetmarkets.fr\/app\/wp-json\/wp\/v2\/types\/product"}],"replies":[{"embeddable":true,"href":"https:\/\/streetmarkets.fr\/app\/wp-json\/wp\/v2\/comments?post=3929131"}],"wp:featuredmedia":[{"embeddable":true,"href":"https:\/\/streetmarkets.fr\/app\/wp-json\/wp\/v2\/media\/3929132"}],"wp:attachment":[{"href":"https:\/\/streetmarkets.fr\/app\/wp-json\/wp\/v2\/media?parent=3929131"}],"wp:term":[{"taxonomy":"product_brand","embeddable":true,"href":"https:\/\/streetmarkets.fr\/app\/wp-json\/wp\/v2\/product_brand?post=3929131"},{"taxonomy":"product_cat","embeddable":true,"href":"https:\/\/streetmarkets.fr\/app\/wp-json\/wp\/v2\/product_cat?post=3929131"},{"taxonomy":"product_tag","embeddable":true,"href":"https:\/\/streetmarkets.fr\/app\/wp-json\/wp\/v2\/product_tag?post=3929131"}],"curies":[{"name":"wp","href":"https:\/\/api.w.org\/{rel}","templated":true}]}}