{"id":3928641,"date":"2026-04-11T01:59:57","date_gmt":"2026-04-10T23:59:57","guid":{"rendered":"https:\/\/streetmarkets.fr\/app\/produit\/pull-col-rond-broderie-future-s26-homme-sailor-blue\/"},"modified":"2026-05-13T01:41:47","modified_gmt":"2026-05-12T23:41:47","slug":"pull-col-rond-broderie-future-s26-homme-sailor-blue","status":"publish","type":"product","link":"https:\/\/streetmarkets.fr\/app\/produit\/pull-col-rond-broderie-future-s26-homme-sailor-blue\/","title":{"rendered":"Pull Col Rond Broderie &#8220;Future&#8221; (S26 \/ HOMME \/ Sailor Blue)"},"content":{"rendered":"<p>Ce pull \u00e0 col rond revisite les essentiels avec une texture travaill\u00e9e et un confort optimal. Confectionn\u00e9 dans un m\u00e9lange doux de coton et de cachemire, il se distingue par un jeu de point uni qui lui conf\u00e8re un relief subtil et moderne. Sa coupe oversize affiche notre signature &#8220;Future&#8221; d\u00e9licatement brod\u00e9e sur la poitrine, pour un look \u00e0 la fois d\u00e9contract\u00e9 et soign\u00e9.<\/p>\n<p>&#8211; Pull \u00e0 col rond en coton cachemire<br \/>\n<br \/>&#8211; 85% Coton, 15% Cachemire<br \/>\n<br \/>&#8211; Jeu de point uni textur\u00e9<br \/>\n<br \/>&#8211; Broderie &#8220;Future&#8221; sur la poitrine<br \/>\n<br \/>&#8211; Coupe oversize<\/p>\n","protected":false},"excerpt":{"rendered":"<p>Ce pull \u00e0 col rond revisite les essentiels avec une texture travaill\u00e9e et un confort optimal. Confectionn\u00e9 dans un m\u00e9lange doux de coton et de cachemire, il se distingue par un jeu de point uni qui lui conf\u00e8re un relief subtil et moderne. Sa coupe oversize affiche notre signature &#8220;Future&#8221; d\u00e9licatement brod\u00e9e sur la poitrine, [&hellip;]<\/p>\n","protected":false},"featured_media":3928642,"comment_status":"open","ping_status":"closed","template":"","meta":[],"product_brand":[6868],"product_cat":[],"product_tag":[],"acf":[],"_links":{"self":[{"href":"https:\/\/streetmarkets.fr\/app\/wp-json\/wp\/v2\/product\/3928641"}],"collection":[{"href":"https:\/\/streetmarkets.fr\/app\/wp-json\/wp\/v2\/product"}],"about":[{"href":"https:\/\/streetmarkets.fr\/app\/wp-json\/wp\/v2\/types\/product"}],"replies":[{"embeddable":true,"href":"https:\/\/streetmarkets.fr\/app\/wp-json\/wp\/v2\/comments?post=3928641"}],"wp:featuredmedia":[{"embeddable":true,"href":"https:\/\/streetmarkets.fr\/app\/wp-json\/wp\/v2\/media\/3928642"}],"wp:attachment":[{"href":"https:\/\/streetmarkets.fr\/app\/wp-json\/wp\/v2\/media?parent=3928641"}],"wp:term":[{"taxonomy":"product_brand","embeddable":true,"href":"https:\/\/streetmarkets.fr\/app\/wp-json\/wp\/v2\/product_brand?post=3928641"},{"taxonomy":"product_cat","embeddable":true,"href":"https:\/\/streetmarkets.fr\/app\/wp-json\/wp\/v2\/product_cat?post=3928641"},{"taxonomy":"product_tag","embeddable":true,"href":"https:\/\/streetmarkets.fr\/app\/wp-json\/wp\/v2\/product_tag?post=3928641"}],"curies":[{"name":"wp","href":"https:\/\/api.w.org\/{rel}","templated":true}]}}