{"id":3928591,"date":"2026-04-11T01:59:38","date_gmt":"2026-04-10T23:59:38","guid":{"rendered":"https:\/\/streetmarkets.fr\/app\/produit\/foulard-en-soie-imprime-bandana-attache-coeur-s26-accessoires-star-green\/"},"modified":"2026-05-07T01:46:35","modified_gmt":"2026-05-06T23:46:35","slug":"foulard-en-soie-imprime-bandana-attache-coeur-s26-accessoires-star-green","status":"publish","type":"product","link":"https:\/\/streetmarkets.fr\/app\/produit\/foulard-en-soie-imprime-bandana-attache-coeur-s26-accessoires-star-green\/","title":{"rendered":"Foulard en Soie Imprim\u00e9 Bandana Attache Coeur (S26 \/ ACCESSOIRES \/ Star Green)"},"content":{"rendered":"<p>Un accessoire graphique et vibrant pour parfaire chaque silhouette. Confectionn\u00e9 en pur satin de soie, ce foulard revisite le motif bandana traditionnel. Sa mati\u00e8re noble et brillante offre un toucher d&#8217;une douceur exceptionnelle et un tomber fluide.<\/p>\n<p>&#8211;\u00a0Foulard avec son attache en forme de c\u0153ur<br \/>&#8211; Imprim\u00e9 bandana <br \/>&#8211; Bordure contrast\u00e9e orange <br \/>&#8211; Format carr\u00e9 90 x 90 cm <br \/>&#8211; 100% Soie <br \/>&#8211; La soie est une mati\u00e8re naturelle, noble et d\u00e9licate. Elle est appr\u00e9ci\u00e9e pour sa douceur, sa l\u00e9g\u00e8ret\u00e9 et ses propri\u00e9t\u00e9s thermor\u00e9gulatrices, offrant une sensation de fra\u00eecheur incomparable sur la peau.<\/p>\n","protected":false},"excerpt":{"rendered":"<p>Un accessoire graphique et vibrant pour parfaire chaque silhouette. Confectionn\u00e9 en pur satin de soie, ce foulard revisite le motif bandana traditionnel. Sa mati\u00e8re noble et brillante offre un toucher d&#8217;une douceur exceptionnelle et un tomber fluide. &#8211;\u00a0Foulard avec son attache en forme de c\u0153ur&#8211; Imprim\u00e9 bandana &#8211; Bordure contrast\u00e9e orange &#8211; Format carr\u00e9 90 [&hellip;]<\/p>\n","protected":false},"featured_media":3928592,"comment_status":"open","ping_status":"closed","template":"","meta":[],"product_brand":[6868],"product_cat":[],"product_tag":[],"acf":[],"_links":{"self":[{"href":"https:\/\/streetmarkets.fr\/app\/wp-json\/wp\/v2\/product\/3928591"}],"collection":[{"href":"https:\/\/streetmarkets.fr\/app\/wp-json\/wp\/v2\/product"}],"about":[{"href":"https:\/\/streetmarkets.fr\/app\/wp-json\/wp\/v2\/types\/product"}],"replies":[{"embeddable":true,"href":"https:\/\/streetmarkets.fr\/app\/wp-json\/wp\/v2\/comments?post=3928591"}],"wp:featuredmedia":[{"embeddable":true,"href":"https:\/\/streetmarkets.fr\/app\/wp-json\/wp\/v2\/media\/3928592"}],"wp:attachment":[{"href":"https:\/\/streetmarkets.fr\/app\/wp-json\/wp\/v2\/media?parent=3928591"}],"wp:term":[{"taxonomy":"product_brand","embeddable":true,"href":"https:\/\/streetmarkets.fr\/app\/wp-json\/wp\/v2\/product_brand?post=3928591"},{"taxonomy":"product_cat","embeddable":true,"href":"https:\/\/streetmarkets.fr\/app\/wp-json\/wp\/v2\/product_cat?post=3928591"},{"taxonomy":"product_tag","embeddable":true,"href":"https:\/\/streetmarkets.fr\/app\/wp-json\/wp\/v2\/product_tag?post=3928591"}],"curies":[{"name":"wp","href":"https:\/\/api.w.org\/{rel}","templated":true}]}}