{"id":3928418,"date":"2026-04-11T01:45:35","date_gmt":"2026-04-10T23:45:35","guid":{"rendered":"https:\/\/streetmarkets.fr\/app\/produit\/robe-longue-regua-bleu-vert-a-volants\/"},"modified":"2026-05-11T01:45:19","modified_gmt":"2026-05-10T23:45:19","slug":"robe-longue-regua-bleu-vert-a-volants","status":"publish","type":"product","link":"https:\/\/streetmarkets.fr\/app\/produit\/robe-longue-regua-bleu-vert-a-volants\/","title":{"rendered":"Robe longue Regua bleu vert \u00e0 volants"},"content":{"rendered":"<ul>\n<li>robe longue avec 2 <strong>volants<\/strong>\u00a0\n<\/li>\n<li>manches courtes\u00a0<\/li>\n<li>imprim\u00e9 <strong>floral<\/strong> fond bleu vert\u00a0<\/li>\n<li>fermeture \u00e9clair sur le c\u00f4t\u00e9\u00a0<\/li>\n<li>100% voile batiste de <strong>coton<\/strong>\n<\/li>\n<li>marque fran\u00e7aise <strong>La Fianc\u00e9e<\/strong>\n<\/li>\n<\/ul>\n<p><\/p>\n<p><strong><br \/><\/strong><\/p>\n","protected":false},"excerpt":{"rendered":"<p>robe longue avec 2 volants\u00a0 manches courtes\u00a0 imprim\u00e9 floral fond bleu vert\u00a0 fermeture \u00e9clair sur le c\u00f4t\u00e9\u00a0 100% voile batiste de coton marque fran\u00e7aise La Fianc\u00e9e<\/p>\n","protected":false},"featured_media":3928419,"comment_status":"open","ping_status":"closed","template":"","meta":[],"product_brand":[],"product_cat":[],"product_tag":[],"acf":[],"_links":{"self":[{"href":"https:\/\/streetmarkets.fr\/app\/wp-json\/wp\/v2\/product\/3928418"}],"collection":[{"href":"https:\/\/streetmarkets.fr\/app\/wp-json\/wp\/v2\/product"}],"about":[{"href":"https:\/\/streetmarkets.fr\/app\/wp-json\/wp\/v2\/types\/product"}],"replies":[{"embeddable":true,"href":"https:\/\/streetmarkets.fr\/app\/wp-json\/wp\/v2\/comments?post=3928418"}],"wp:featuredmedia":[{"embeddable":true,"href":"https:\/\/streetmarkets.fr\/app\/wp-json\/wp\/v2\/media\/3928419"}],"wp:attachment":[{"href":"https:\/\/streetmarkets.fr\/app\/wp-json\/wp\/v2\/media?parent=3928418"}],"wp:term":[{"taxonomy":"product_brand","embeddable":true,"href":"https:\/\/streetmarkets.fr\/app\/wp-json\/wp\/v2\/product_brand?post=3928418"},{"taxonomy":"product_cat","embeddable":true,"href":"https:\/\/streetmarkets.fr\/app\/wp-json\/wp\/v2\/product_cat?post=3928418"},{"taxonomy":"product_tag","embeddable":true,"href":"https:\/\/streetmarkets.fr\/app\/wp-json\/wp\/v2\/product_tag?post=3928418"}],"curies":[{"name":"wp","href":"https:\/\/api.w.org\/{rel}","templated":true}]}}