{"id":3916891,"date":"2026-04-09T01:49:32","date_gmt":"2026-04-08T23:49:32","guid":{"rendered":"https:\/\/streetmarkets.fr\/app\/produit\/boucles-doreilles-maldives\/"},"modified":"2026-05-07T01:49:46","modified_gmt":"2026-05-06T23:49:46","slug":"boucles-doreilles-maldives","status":"publish","type":"product","link":"https:\/\/streetmarkets.fr\/app\/produit\/boucles-doreilles-maldives\/","title":{"rendered":"Boucles d&#8217;oreilles &#8211; Maldives"},"content":{"rendered":"<p data-end=\"257\" data-start=\"60\">Sublimez vos oreilles\u00a0<span>avec ces boucles compos\u00e9es de trois fines cha\u00eenes ponctu\u00e9es de pierres d\u00e9licates, pour une \u00e9l\u00e9gance l\u00e9g\u00e8re et printani\u00e8re<\/span><\/p>\n<p data-is-only-node=\"\" data-is-last-node=\"\" data-end=\"657\" data-start=\"578\">Un bijou essentiel, \u00e0 la fois chic et audacieux, qui ne passera pas inaper\u00e7u.<\/p>\n<pre dir=\"ltr\" data-placeholder=\"Traduction\" class=\"tw-data-text tw-text-large XcVN5d tw-ta\"><span lang=\"fr\"><\/span><\/pre>\n<p><strong>Ce mod\u00e8<\/strong><strong>le vous pla\u00eet, mais n&#8217;est plus disponible ? Contactez-nous \u00e0 bonjour@nadyut.com pour le pr\u00e9commander ! Vous le recevrez entre 1 et 2 semaines.<\/strong><\/p>\n","protected":false},"excerpt":{"rendered":"<p>Sublimez vos oreilles\u00a0avec ces boucles compos\u00e9es de trois fines cha\u00eenes ponctu\u00e9es de pierres d\u00e9licates, pour une \u00e9l\u00e9gance l\u00e9g\u00e8re et printani\u00e8re Un bijou essentiel, \u00e0 la fois chic et audacieux, qui ne passera pas inaper\u00e7u. Ce mod\u00e8le vous pla\u00eet, mais n&#8217;est plus disponible ? Contactez-nous \u00e0 bonjour@nadyut.com pour le pr\u00e9commander ! Vous le recevrez entre 1 [&hellip;]<\/p>\n","protected":false},"featured_media":3916892,"comment_status":"open","ping_status":"closed","template":"","meta":[],"product_brand":[],"product_cat":[],"product_tag":[],"acf":[],"_links":{"self":[{"href":"https:\/\/streetmarkets.fr\/app\/wp-json\/wp\/v2\/product\/3916891"}],"collection":[{"href":"https:\/\/streetmarkets.fr\/app\/wp-json\/wp\/v2\/product"}],"about":[{"href":"https:\/\/streetmarkets.fr\/app\/wp-json\/wp\/v2\/types\/product"}],"replies":[{"embeddable":true,"href":"https:\/\/streetmarkets.fr\/app\/wp-json\/wp\/v2\/comments?post=3916891"}],"wp:featuredmedia":[{"embeddable":true,"href":"https:\/\/streetmarkets.fr\/app\/wp-json\/wp\/v2\/media\/3916892"}],"wp:attachment":[{"href":"https:\/\/streetmarkets.fr\/app\/wp-json\/wp\/v2\/media?parent=3916891"}],"wp:term":[{"taxonomy":"product_brand","embeddable":true,"href":"https:\/\/streetmarkets.fr\/app\/wp-json\/wp\/v2\/product_brand?post=3916891"},{"taxonomy":"product_cat","embeddable":true,"href":"https:\/\/streetmarkets.fr\/app\/wp-json\/wp\/v2\/product_cat?post=3916891"},{"taxonomy":"product_tag","embeddable":true,"href":"https:\/\/streetmarkets.fr\/app\/wp-json\/wp\/v2\/product_tag?post=3916891"}],"curies":[{"name":"wp","href":"https:\/\/api.w.org\/{rel}","templated":true}]}}