{"id":3916881,"date":"2026-04-09T01:49:32","date_gmt":"2026-04-08T23:49:32","guid":{"rendered":"https:\/\/streetmarkets.fr\/app\/produit\/boucles-doreilles-cancun\/"},"modified":"2026-05-11T01:49:44","modified_gmt":"2026-05-10T23:49:44","slug":"boucles-doreilles-cancun","status":"publish","type":"product","link":"https:\/\/streetmarkets.fr\/app\/produit\/boucles-doreilles-cancun\/","title":{"rendered":"Boucles d&#8217;oreilles &#8211; Cancun"},"content":{"rendered":"<p data-start=\"60\" data-end=\"257\">Sublimez vos oreilles avec ces boucles puces ajustables \u00e0 l\u2019\u00e9l\u00e9gance intemporelle. Compos\u00e9es de deux motifs floraux sertis de zirconium, elle apporte style et modernit\u00e9 au quotidien<\/p>\n<p data-start=\"578\" data-end=\"657\" data-is-last-node=\"\" data-is-only-node=\"\">Un bijou essentiel, \u00e0 la fois chic et audacieux, qui ne passera pas inaper\u00e7u.<\/p>\n<pre class=\"tw-data-text tw-text-large XcVN5d tw-ta\" data-placeholder=\"Traduction\" dir=\"ltr\"><span lang=\"fr\"><\/span><\/pre>\n<p><strong>Ce mod\u00e8<\/strong><strong>le vous pla\u00eet, mais n&#8217;est plus disponible ? Contactez-nous \u00e0 bonjour@nadyut.com pour le pr\u00e9commander ! Vous le recevrez entre 1 et 2 semaines.<\/strong><\/p>\n","protected":false},"excerpt":{"rendered":"<p>Sublimez vos oreilles avec ces boucles puces ajustables \u00e0 l\u2019\u00e9l\u00e9gance intemporelle. Compos\u00e9es de deux motifs floraux sertis de zirconium, elle apporte style et modernit\u00e9 au quotidien Un bijou essentiel, \u00e0 la fois chic et audacieux, qui ne passera pas inaper\u00e7u. Ce mod\u00e8le vous pla\u00eet, mais n&#8217;est plus disponible ? Contactez-nous \u00e0 bonjour@nadyut.com pour le pr\u00e9commander [&hellip;]<\/p>\n","protected":false},"featured_media":3916882,"comment_status":"open","ping_status":"closed","template":"","meta":[],"product_brand":[],"product_cat":[],"product_tag":[],"acf":[],"_links":{"self":[{"href":"https:\/\/streetmarkets.fr\/app\/wp-json\/wp\/v2\/product\/3916881"}],"collection":[{"href":"https:\/\/streetmarkets.fr\/app\/wp-json\/wp\/v2\/product"}],"about":[{"href":"https:\/\/streetmarkets.fr\/app\/wp-json\/wp\/v2\/types\/product"}],"replies":[{"embeddable":true,"href":"https:\/\/streetmarkets.fr\/app\/wp-json\/wp\/v2\/comments?post=3916881"}],"wp:featuredmedia":[{"embeddable":true,"href":"https:\/\/streetmarkets.fr\/app\/wp-json\/wp\/v2\/media\/3916882"}],"wp:attachment":[{"href":"https:\/\/streetmarkets.fr\/app\/wp-json\/wp\/v2\/media?parent=3916881"}],"wp:term":[{"taxonomy":"product_brand","embeddable":true,"href":"https:\/\/streetmarkets.fr\/app\/wp-json\/wp\/v2\/product_brand?post=3916881"},{"taxonomy":"product_cat","embeddable":true,"href":"https:\/\/streetmarkets.fr\/app\/wp-json\/wp\/v2\/product_cat?post=3916881"},{"taxonomy":"product_tag","embeddable":true,"href":"https:\/\/streetmarkets.fr\/app\/wp-json\/wp\/v2\/product_tag?post=3916881"}],"curies":[{"name":"wp","href":"https:\/\/api.w.org\/{rel}","templated":true}]}}