{"id":3910942,"date":"2026-04-07T08:40:22","date_gmt":"2026-04-07T06:40:22","guid":{"rendered":"https:\/\/streetmarkets.fr\/app\/produit\/pantalon-iman-long-trouser-coloris-berry-my-sayang\/"},"modified":"2026-05-05T08:40:40","modified_gmt":"2026-05-05T06:40:40","slug":"pantalon-iman-long-trouser-coloris-berry-my-sayang","status":"publish","type":"product","link":"https:\/\/streetmarkets.fr\/app\/produit\/pantalon-iman-long-trouser-coloris-berry-my-sayang\/","title":{"rendered":"Pantalon Iman long trouser coloris berry &#8211; My Sayang"},"content":{"rendered":"<p class=\"\" data-rte-preserve-empty=\"true\">Ce pantalon est une v\u00e9ritable pi\u00e8ce signature pour une silhouette fluide et confortable.\u00a0<\/p>\n<p class=\"\" data-rte-preserve-empty=\"true\">Un incontournable pour vos tenues d\u00e9contract\u00e9es et \u00e9l\u00e9gantes\u00a0<\/p>\n<ul data-rte-list=\"true\">\n<li>Taille \u00e9lastiqu\u00e9e\u00a0<\/li>\n<li>\n<p data-rte-preserve-empty=\"true\">Coupe large au niveau de la jambe<\/p>\n<\/li>\n<li>coloris berry soft wash<\/li>\n<li>Taille unique correspondant \u00e0 un 38\/40<\/li>\n<\/ul>\n<p data-rte-preserve-empty=\"true\"><\/p>\n<p>\u00a0<\/p>\n","protected":false},"excerpt":{"rendered":"<p>Ce pantalon est une v\u00e9ritable pi\u00e8ce signature pour une silhouette fluide et confortable.\u00a0 Un incontournable pour vos tenues d\u00e9contract\u00e9es et \u00e9l\u00e9gantes\u00a0 Taille \u00e9lastiqu\u00e9e\u00a0 Coupe large au niveau de la jambe coloris berry soft wash Taille unique correspondant \u00e0 un 38\/40 \u00a0<\/p>\n","protected":false},"featured_media":3910943,"comment_status":"open","ping_status":"closed","template":"","meta":[],"product_brand":[],"product_cat":[],"product_tag":[],"acf":[],"_links":{"self":[{"href":"https:\/\/streetmarkets.fr\/app\/wp-json\/wp\/v2\/product\/3910942"}],"collection":[{"href":"https:\/\/streetmarkets.fr\/app\/wp-json\/wp\/v2\/product"}],"about":[{"href":"https:\/\/streetmarkets.fr\/app\/wp-json\/wp\/v2\/types\/product"}],"replies":[{"embeddable":true,"href":"https:\/\/streetmarkets.fr\/app\/wp-json\/wp\/v2\/comments?post=3910942"}],"wp:featuredmedia":[{"embeddable":true,"href":"https:\/\/streetmarkets.fr\/app\/wp-json\/wp\/v2\/media\/3910943"}],"wp:attachment":[{"href":"https:\/\/streetmarkets.fr\/app\/wp-json\/wp\/v2\/media?parent=3910942"}],"wp:term":[{"taxonomy":"product_brand","embeddable":true,"href":"https:\/\/streetmarkets.fr\/app\/wp-json\/wp\/v2\/product_brand?post=3910942"},{"taxonomy":"product_cat","embeddable":true,"href":"https:\/\/streetmarkets.fr\/app\/wp-json\/wp\/v2\/product_cat?post=3910942"},{"taxonomy":"product_tag","embeddable":true,"href":"https:\/\/streetmarkets.fr\/app\/wp-json\/wp\/v2\/product_tag?post=3910942"}],"curies":[{"name":"wp","href":"https:\/\/api.w.org\/{rel}","templated":true}]}}