{"id":3901001,"date":"2026-04-05T08:40:19","date_gmt":"2026-04-05T06:40:19","guid":{"rendered":"https:\/\/streetmarkets.fr\/app\/produit\/boat-loafer-brushed-brown-posa\/"},"modified":"2026-05-05T08:40:40","modified_gmt":"2026-05-05T06:40:40","slug":"boat-loafer-brushed-brown-posa","status":"publish","type":"product","link":"https:\/\/streetmarkets.fr\/app\/produit\/boat-loafer-brushed-brown-posa\/","title":{"rendered":"Boat Loafer brushed brown &#8211; Posa"},"content":{"rendered":"<p>Le charme vintage rencontre un confort absolu dans ces mocassins bateau en cuir raffin\u00e9 \u00e0 la finition vintage. La semelle int\u00e9rieure ultra-douce et rembourr\u00e9e assure un chaussant parfait, pour un confort aussi impeccable qu&#8217;\u00e9l\u00e9gant.<\/p>\n<p><strong>Conseil taille : Ce mod\u00e8le taille grand, nous vous conseillons de prendre une taille en dessous de votre taille habituelle\u00a0<\/strong><\/p>\n<p>Cuir\/daim italien de qualit\u00e9 sup\u00e9rieure<br \/>Confort optimal<br \/>Production durable<\/p>\n<p><\/p>\n","protected":false},"excerpt":{"rendered":"<p>Le charme vintage rencontre un confort absolu dans ces mocassins bateau en cuir raffin\u00e9 \u00e0 la finition vintage. La semelle int\u00e9rieure ultra-douce et rembourr\u00e9e assure un chaussant parfait, pour un confort aussi impeccable qu&#8217;\u00e9l\u00e9gant. Conseil taille : Ce mod\u00e8le taille grand, nous vous conseillons de prendre une taille en dessous de votre taille habituelle\u00a0 Cuir\/daim [&hellip;]<\/p>\n","protected":false},"featured_media":3901002,"comment_status":"open","ping_status":"closed","template":"","meta":[],"product_brand":[],"product_cat":[],"product_tag":[],"acf":[],"_links":{"self":[{"href":"https:\/\/streetmarkets.fr\/app\/wp-json\/wp\/v2\/product\/3901001"}],"collection":[{"href":"https:\/\/streetmarkets.fr\/app\/wp-json\/wp\/v2\/product"}],"about":[{"href":"https:\/\/streetmarkets.fr\/app\/wp-json\/wp\/v2\/types\/product"}],"replies":[{"embeddable":true,"href":"https:\/\/streetmarkets.fr\/app\/wp-json\/wp\/v2\/comments?post=3901001"}],"wp:featuredmedia":[{"embeddable":true,"href":"https:\/\/streetmarkets.fr\/app\/wp-json\/wp\/v2\/media\/3901002"}],"wp:attachment":[{"href":"https:\/\/streetmarkets.fr\/app\/wp-json\/wp\/v2\/media?parent=3901001"}],"wp:term":[{"taxonomy":"product_brand","embeddable":true,"href":"https:\/\/streetmarkets.fr\/app\/wp-json\/wp\/v2\/product_brand?post=3901001"},{"taxonomy":"product_cat","embeddable":true,"href":"https:\/\/streetmarkets.fr\/app\/wp-json\/wp\/v2\/product_cat?post=3901001"},{"taxonomy":"product_tag","embeddable":true,"href":"https:\/\/streetmarkets.fr\/app\/wp-json\/wp\/v2\/product_tag?post=3901001"}],"curies":[{"name":"wp","href":"https:\/\/api.w.org\/{rel}","templated":true}]}}