{"id":3890237,"date":"2026-04-04T02:06:17","date_gmt":"2026-04-04T00:06:17","guid":{"rendered":"https:\/\/streetmarkets.fr\/app\/produit\/nouveau-masscob-chemise-nube-nude\/"},"modified":"2026-05-13T02:04:52","modified_gmt":"2026-05-13T00:04:52","slug":"nouveau-masscob-chemise-nube-nude","status":"publish","type":"product","link":"https:\/\/streetmarkets.fr\/app\/produit\/nouveau-masscob-chemise-nube-nude\/","title":{"rendered":"Nouveau ! MASSCOB Chemise Nube Nude"},"content":{"rendered":"<p data-rte-preserve-empty=\"true\">Chemise en viscose et soie, coupe ample et droite, manches longues et poignets resserr\u00e9s, emmanchure large, souple et douce. Le mod\u00e8le taille grand et se porte grand. <\/p>\n<p data-rte-preserve-empty=\"true\">D\u00e9tail : 86% viscose, 14% soie<\/p>\n","protected":false},"excerpt":{"rendered":"<p>Chemise en viscose et soie, coupe ample et droite, manches longues et poignets resserr\u00e9s, emmanchure large, souple et douce. Le mod\u00e8le taille grand et se porte grand. D\u00e9tail : 86% viscose, 14% soie<\/p>\n","protected":false},"featured_media":3890238,"comment_status":"open","ping_status":"closed","template":"","meta":[],"product_brand":[],"product_cat":[],"product_tag":[],"acf":[],"_links":{"self":[{"href":"https:\/\/streetmarkets.fr\/app\/wp-json\/wp\/v2\/product\/3890237"}],"collection":[{"href":"https:\/\/streetmarkets.fr\/app\/wp-json\/wp\/v2\/product"}],"about":[{"href":"https:\/\/streetmarkets.fr\/app\/wp-json\/wp\/v2\/types\/product"}],"replies":[{"embeddable":true,"href":"https:\/\/streetmarkets.fr\/app\/wp-json\/wp\/v2\/comments?post=3890237"}],"wp:featuredmedia":[{"embeddable":true,"href":"https:\/\/streetmarkets.fr\/app\/wp-json\/wp\/v2\/media\/3890238"}],"wp:attachment":[{"href":"https:\/\/streetmarkets.fr\/app\/wp-json\/wp\/v2\/media?parent=3890237"}],"wp:term":[{"taxonomy":"product_brand","embeddable":true,"href":"https:\/\/streetmarkets.fr\/app\/wp-json\/wp\/v2\/product_brand?post=3890237"},{"taxonomy":"product_cat","embeddable":true,"href":"https:\/\/streetmarkets.fr\/app\/wp-json\/wp\/v2\/product_cat?post=3890237"},{"taxonomy":"product_tag","embeddable":true,"href":"https:\/\/streetmarkets.fr\/app\/wp-json\/wp\/v2\/product_tag?post=3890237"}],"curies":[{"name":"wp","href":"https:\/\/api.w.org\/{rel}","templated":true}]}}