{"id":3889557,"date":"2026-04-04T00:56:46","date_gmt":"2026-04-03T22:56:46","guid":{"rendered":"https:\/\/streetmarkets.fr\/app\/produit\/bougie-pom-glow-vert-matcha\/"},"modified":"2026-04-29T00:56:47","modified_gmt":"2026-04-28T22:56:47","slug":"bougie-pom-glow-vert-matcha","status":"publish","type":"product","link":"https:\/\/streetmarkets.fr\/app\/produit\/bougie-pom-glow-vert-matcha\/","title":{"rendered":"Bougie pom&#8217; glow vert matcha"},"content":{"rendered":"<p>Bougie parfum\u00e9e dans une bo\u00eete en c\u00e9ramique en forme de pomme, inspir\u00e9e des ann\u00e9es 1980. Un objet qui m\u00eale douceur, authenticit\u00e9 et nostalgie irr\u00e9sistible. Chaque parfum vient d&#8217;une r\u00e9gion du monde o\u00f9 la senteur touche \u00e0 l\u2019excellence olfactive. Le r\u00e9cipient est r\u00e9utilisable (laisser cours \u00e0 vos besoins et imagination).<\/p>\n<p>Mati\u00e8re : fa\u00efence<br \/>Couleur : matcha<br \/>Diam\u00e8tre (cm) : 9.8<br \/>Senteur : Salvia<br \/>Dur\u00e9e de combustion : 8h<br \/>Poids net (gr.) : 110<\/p>\n","protected":false},"excerpt":{"rendered":"<p>Bougie parfum\u00e9e dans une bo\u00eete en c\u00e9ramique en forme de pomme, inspir\u00e9e des ann\u00e9es 1980. Un objet qui m\u00eale douceur, authenticit\u00e9 et nostalgie irr\u00e9sistible. Chaque parfum vient d&#8217;une r\u00e9gion du monde o\u00f9 la senteur touche \u00e0 l\u2019excellence olfactive. Le r\u00e9cipient est r\u00e9utilisable (laisser cours \u00e0 vos besoins et imagination). Mati\u00e8re : fa\u00efenceCouleur : matchaDiam\u00e8tre (cm) [&hellip;]<\/p>\n","protected":false},"featured_media":3889558,"comment_status":"open","ping_status":"closed","template":"","meta":[],"product_brand":[],"product_cat":[],"product_tag":[],"acf":[],"_links":{"self":[{"href":"https:\/\/streetmarkets.fr\/app\/wp-json\/wp\/v2\/product\/3889557"}],"collection":[{"href":"https:\/\/streetmarkets.fr\/app\/wp-json\/wp\/v2\/product"}],"about":[{"href":"https:\/\/streetmarkets.fr\/app\/wp-json\/wp\/v2\/types\/product"}],"replies":[{"embeddable":true,"href":"https:\/\/streetmarkets.fr\/app\/wp-json\/wp\/v2\/comments?post=3889557"}],"wp:featuredmedia":[{"embeddable":true,"href":"https:\/\/streetmarkets.fr\/app\/wp-json\/wp\/v2\/media\/3889558"}],"wp:attachment":[{"href":"https:\/\/streetmarkets.fr\/app\/wp-json\/wp\/v2\/media?parent=3889557"}],"wp:term":[{"taxonomy":"product_brand","embeddable":true,"href":"https:\/\/streetmarkets.fr\/app\/wp-json\/wp\/v2\/product_brand?post=3889557"},{"taxonomy":"product_cat","embeddable":true,"href":"https:\/\/streetmarkets.fr\/app\/wp-json\/wp\/v2\/product_cat?post=3889557"},{"taxonomy":"product_tag","embeddable":true,"href":"https:\/\/streetmarkets.fr\/app\/wp-json\/wp\/v2\/product_tag?post=3889557"}],"curies":[{"name":"wp","href":"https:\/\/api.w.org\/{rel}","templated":true}]}}