{"id":3889228,"date":"2026-04-04T00:50:26","date_gmt":"2026-04-03T22:50:26","guid":{"rendered":"https:\/\/streetmarkets.fr\/app\/produit\/assos-maillot-equipe-mille-gt-s11-evo-ef-2026\/"},"modified":"2026-05-09T00:50:19","modified_gmt":"2026-05-08T22:50:19","slug":"assos-maillot-equipe-mille-gt-s11-evo-ef-2026","status":"publish","type":"product","link":"https:\/\/streetmarkets.fr\/app\/produit\/assos-maillot-equipe-mille-gt-s11-evo-ef-2026\/","title":{"rendered":"Assos Maillot \u00c9quipe Mille GT S11 EVO EF 2026"},"content":{"rendered":"<p>Le Assos Maillot \u00c9quipe Mille GT S11 EVO EF 2026 est u<span>n maillot l\u00e9ger pour les sorties quotidiennes, repens\u00e9 cette ann\u00e9e avec les couleurs de l\u2019\u00e9quipe EF Pro Cycling et une construction ultra l\u00e9g\u00e8re et ultra respirante.<\/span><\/p>\n<p><span>Pour son maillot, l\u2019EF Pro Cycling GT S11 EVO adapte les motifs WE RIDE IN PEACE, inspir\u00e9s des combinaisons spatiales, au cyclisme d\u2019endurance. Derri\u00e8re l\u2019esth\u00e9tique EF Pro Cycling se cache notre plateforme GT S11 EVO, un maillot con\u00e7u pour vous garder au frais, au sec et parfaitement \u00e9quip\u00e9\u00b7e \u00e0 chaque sortie, quel que soit le jour, quelle que soit la saison. <\/span><\/p>\n<p><span>AirCell, le tissu principal, est le m\u00eame que la g\u00e9n\u00e9ration pr\u00e9c\u00e9dente, mais les manches sont d\u00e9sormais en Eclipse, un nouveau textile incroyablement l\u00e9ger et ultra \u00e9lastique qui enveloppe les bras d\u2019un maintien doux et rafra\u00eechissant.\u00a0<\/span><\/p>\n<p><span>L<\/span><span>a construction de poche simplifi\u00e9e pr\u00e9sente toujours notre conception cargo s\u00e9curisante, mais les lignes sont plus \u00e9pur\u00e9es et les coutures r\u00e9duites. <\/span><\/p>\n<p><span>Outre la nouvelle palette de couleurs, le GT S11 EVO h\u00e9rite d\u2019un logo ASSOS revisit\u00e9, qui a \u00e9t\u00e9 d\u00e9voil\u00e9 avec la s\u00e9rie Racing. Remarque : le GT Jersey S11 EVO est si l\u00e9ger que nous recommandons d\u2019appliquer une protection solaire en dessous.<\/span><\/p>\n","protected":false},"excerpt":{"rendered":"<p>Le Assos Maillot \u00c9quipe Mille GT S11 EVO EF 2026 est un maillot l\u00e9ger pour les sorties quotidiennes, repens\u00e9 cette ann\u00e9e avec les couleurs de l\u2019\u00e9quipe EF Pro Cycling et une construction ultra l\u00e9g\u00e8re et ultra respirante. Pour son maillot, l\u2019EF Pro Cycling GT S11 EVO adapte les motifs WE RIDE IN PEACE, inspir\u00e9s des [&hellip;]<\/p>\n","protected":false},"featured_media":3889229,"comment_status":"open","ping_status":"closed","template":"","meta":[],"product_brand":[],"product_cat":[],"product_tag":[],"acf":[],"_links":{"self":[{"href":"https:\/\/streetmarkets.fr\/app\/wp-json\/wp\/v2\/product\/3889228"}],"collection":[{"href":"https:\/\/streetmarkets.fr\/app\/wp-json\/wp\/v2\/product"}],"about":[{"href":"https:\/\/streetmarkets.fr\/app\/wp-json\/wp\/v2\/types\/product"}],"replies":[{"embeddable":true,"href":"https:\/\/streetmarkets.fr\/app\/wp-json\/wp\/v2\/comments?post=3889228"}],"wp:featuredmedia":[{"embeddable":true,"href":"https:\/\/streetmarkets.fr\/app\/wp-json\/wp\/v2\/media\/3889229"}],"wp:attachment":[{"href":"https:\/\/streetmarkets.fr\/app\/wp-json\/wp\/v2\/media?parent=3889228"}],"wp:term":[{"taxonomy":"product_brand","embeddable":true,"href":"https:\/\/streetmarkets.fr\/app\/wp-json\/wp\/v2\/product_brand?post=3889228"},{"taxonomy":"product_cat","embeddable":true,"href":"https:\/\/streetmarkets.fr\/app\/wp-json\/wp\/v2\/product_cat?post=3889228"},{"taxonomy":"product_tag","embeddable":true,"href":"https:\/\/streetmarkets.fr\/app\/wp-json\/wp\/v2\/product_tag?post=3889228"}],"curies":[{"name":"wp","href":"https:\/\/api.w.org\/{rel}","templated":true}]}}