{"id":3889069,"date":"2026-04-04T00:49:58","date_gmt":"2026-04-03T22:49:58","guid":{"rendered":"https:\/\/streetmarkets.fr\/app\/produit\/rapha-maillot-femme-pro-team-lightweight-manches-longues-white-silver\/"},"modified":"2026-05-13T00:49:43","modified_gmt":"2026-05-12T22:49:43","slug":"rapha-maillot-femme-pro-team-lightweight-manches-longues-white-silver","status":"publish","type":"product","link":"https:\/\/streetmarkets.fr\/app\/produit\/rapha-maillot-femme-pro-team-lightweight-manches-longues-white-silver\/","title":{"rendered":"Rapha Maillot Femme Pro Team Lightweight Manches Longues White Silver"},"content":{"rendered":"<p>Le Rapha Maillot Femme Pro Team Manches Longues White Silver conjugue \u00e9l\u00e9gance et performance pour les cyclistes exigeantes.<\/p>\n<p>Sa conception bi-mati\u00e8re assure une respirabilit\u00e9 optimale et une sensation de l\u00e9g\u00e8ret\u00e9, parfaitement adapt\u00e9e aux temp\u00e9ratures de 6 \u00e0 20 \u00b0C. Pratique, il int\u00e8gre trois poches arri\u00e8re ainsi qu\u2019une poche zipp\u00e9e pour garder vos effets personnels en toute s\u00e9curit\u00e9. Sa coupe ajust\u00e9e, compl\u00e9t\u00e9e par un col ras de cou et des finitions raffin\u00e9es \u00e0 la taille et aux manches, r\u00e9duit les frottements pour un confort prolong\u00e9. La protection solaire UPF30 offre une d\u00e9fense efficace contre les rayons du soleil sur les bras et le buste.<\/p>\n","protected":false},"excerpt":{"rendered":"<p>Le Rapha Maillot Femme Pro Team Manches Longues White Silver conjugue \u00e9l\u00e9gance et performance pour les cyclistes exigeantes. Sa conception bi-mati\u00e8re assure une respirabilit\u00e9 optimale et une sensation de l\u00e9g\u00e8ret\u00e9, parfaitement adapt\u00e9e aux temp\u00e9ratures de 6 \u00e0 20 \u00b0C. Pratique, il int\u00e8gre trois poches arri\u00e8re ainsi qu\u2019une poche zipp\u00e9e pour garder vos effets personnels en [&hellip;]<\/p>\n","protected":false},"featured_media":3889070,"comment_status":"open","ping_status":"closed","template":"","meta":[],"product_brand":[],"product_cat":[],"product_tag":[],"acf":[],"_links":{"self":[{"href":"https:\/\/streetmarkets.fr\/app\/wp-json\/wp\/v2\/product\/3889069"}],"collection":[{"href":"https:\/\/streetmarkets.fr\/app\/wp-json\/wp\/v2\/product"}],"about":[{"href":"https:\/\/streetmarkets.fr\/app\/wp-json\/wp\/v2\/types\/product"}],"replies":[{"embeddable":true,"href":"https:\/\/streetmarkets.fr\/app\/wp-json\/wp\/v2\/comments?post=3889069"}],"wp:featuredmedia":[{"embeddable":true,"href":"https:\/\/streetmarkets.fr\/app\/wp-json\/wp\/v2\/media\/3889070"}],"wp:attachment":[{"href":"https:\/\/streetmarkets.fr\/app\/wp-json\/wp\/v2\/media?parent=3889069"}],"wp:term":[{"taxonomy":"product_brand","embeddable":true,"href":"https:\/\/streetmarkets.fr\/app\/wp-json\/wp\/v2\/product_brand?post=3889069"},{"taxonomy":"product_cat","embeddable":true,"href":"https:\/\/streetmarkets.fr\/app\/wp-json\/wp\/v2\/product_cat?post=3889069"},{"taxonomy":"product_tag","embeddable":true,"href":"https:\/\/streetmarkets.fr\/app\/wp-json\/wp\/v2\/product_tag?post=3889069"}],"curies":[{"name":"wp","href":"https:\/\/api.w.org\/{rel}","templated":true}]}}