{"id":3888966,"date":"2026-04-04T00:49:38","date_gmt":"2026-04-03T22:49:38","guid":{"rendered":"https:\/\/streetmarkets.fr\/app\/produit\/rapha-gilet-pro-team-ii-artic-ice\/"},"modified":"2026-05-13T00:49:30","modified_gmt":"2026-05-12T22:49:30","slug":"rapha-gilet-pro-team-ii-artic-ice","status":"publish","type":"product","link":"https:\/\/streetmarkets.fr\/app\/produit\/rapha-gilet-pro-team-ii-artic-ice\/","title":{"rendered":"Rapha Gilet Pro Team II Artic Ice"},"content":{"rendered":"<p>Le Rapha Gilet Pro Team II Black est u<span>ne protection ultra l\u00e9g\u00e8re, respirante et compacte, \u00e0 d\u00e9gainer dans les conditions de vitesse extr\u00eames et exigeantes.<\/span><\/p>\n<p><span>Compact&amp; et l\u00e9ger.\u00a0Des mati\u00e8res extr\u00eamement l\u00e9g\u00e8res et compactables pour r\u00e9duire l\u2019encombrement au maximum et permettre un rangement rapide dans une poche ou une sacoche de selle<\/span><\/p>\n","protected":false},"excerpt":{"rendered":"<p>Le Rapha Gilet Pro Team II Black est une protection ultra l\u00e9g\u00e8re, respirante et compacte, \u00e0 d\u00e9gainer dans les conditions de vitesse extr\u00eames et exigeantes. Compact&amp; et l\u00e9ger.\u00a0Des mati\u00e8res extr\u00eamement l\u00e9g\u00e8res et compactables pour r\u00e9duire l\u2019encombrement au maximum et permettre un rangement rapide dans une poche ou une sacoche de selle<\/p>\n","protected":false},"featured_media":3888967,"comment_status":"open","ping_status":"closed","template":"","meta":[],"product_brand":[],"product_cat":[],"product_tag":[],"acf":[],"_links":{"self":[{"href":"https:\/\/streetmarkets.fr\/app\/wp-json\/wp\/v2\/product\/3888966"}],"collection":[{"href":"https:\/\/streetmarkets.fr\/app\/wp-json\/wp\/v2\/product"}],"about":[{"href":"https:\/\/streetmarkets.fr\/app\/wp-json\/wp\/v2\/types\/product"}],"replies":[{"embeddable":true,"href":"https:\/\/streetmarkets.fr\/app\/wp-json\/wp\/v2\/comments?post=3888966"}],"wp:featuredmedia":[{"embeddable":true,"href":"https:\/\/streetmarkets.fr\/app\/wp-json\/wp\/v2\/media\/3888967"}],"wp:attachment":[{"href":"https:\/\/streetmarkets.fr\/app\/wp-json\/wp\/v2\/media?parent=3888966"}],"wp:term":[{"taxonomy":"product_brand","embeddable":true,"href":"https:\/\/streetmarkets.fr\/app\/wp-json\/wp\/v2\/product_brand?post=3888966"},{"taxonomy":"product_cat","embeddable":true,"href":"https:\/\/streetmarkets.fr\/app\/wp-json\/wp\/v2\/product_cat?post=3888966"},{"taxonomy":"product_tag","embeddable":true,"href":"https:\/\/streetmarkets.fr\/app\/wp-json\/wp\/v2\/product_tag?post=3888966"}],"curies":[{"name":"wp","href":"https:\/\/api.w.org\/{rel}","templated":true}]}}